{"id":2042,"date":"2022-05-14T21:35:18","date_gmt":"2022-05-14T20:35:18","guid":{"rendered":"https:\/\/www.ramus.je\/web\/?page_id=2042"},"modified":"2026-04-19T01:30:03","modified_gmt":"2026-04-19T00:30:03","slug":"anna-ladmanova-koordinatorka-asistentstva","status":"publish","type":"page","link":"https:\/\/www.ramus.je\/nejlepsi\/kontakt\/anna-ladmanova-koordinatorka-asistentstva\/","title":{"rendered":"Anna Ladmanov\u00e1 | koordin\u00e1torka asistentstva"},"content":{"rendered":"<div class=\"wp-block-image\">\n<figure class=\"alignright size-full is-resized\"><img loading=\"lazy\" decoding=\"async\" width=\"472\" height=\"476\" src=\"https:\/\/www.ramus.je\/nejlepsi\/wp-content\/uploads\/2026\/04\/annamala-kopie.png\" alt=\"\" class=\"wp-image-27048\" style=\"width:286px;height:286px\" srcset=\"https:\/\/www.ramus.je\/nejlepsi\/wp-content\/uploads\/2026\/04\/annamala-kopie.png 472w, https:\/\/www.ramus.je\/nejlepsi\/wp-content\/uploads\/2026\/04\/annamala-kopie-297x300.png 297w, https:\/\/www.ramus.je\/nejlepsi\/wp-content\/uploads\/2026\/04\/annamala-kopie-150x150.png 150w\" sizes=\"auto, (min-width: 960px) 75vw, 100vw\" \/><\/figure>\n<\/div>\n\n\n<p><strong>Kontakt:<br><\/strong><a href=\"mailto:valerie.sebkova@ramus.je\" data-type=\"mailto\" data-id=\"mailto:valerie.sebkova@ramus.je\"><\/a><a href=\"mailto:anna.ladmanova@ramus.je\" target=\"_blank\" rel=\"noreferrer noopener\">anna.ladmanova@ramus.je<\/a><\/p>\n\n\n\n<p><strong>Co d\u011bl\u00e1m v Ramusu: <\/strong><br>Slun\u00edm se, pov\u00edd\u00e1m si, tvo\u0159\u00edm a v\u00fdletuju s k\u00e1mo\u0161stvem. Asistuju. Taky komunikuju se v\u0161ema asistentkama a asistentama, aby n\u00e1s na akci bylo dost a bylo n\u00e1m dob\u0159e. <br><br><strong>Pro\u010d to d\u011bl\u00e1m: <\/strong><br>Proto\u017ee m\u00e1m r\u00e1da d\u011blat v\u011bci, kter\u00fd maj smysl a Ramus.. <br><strong><br>Co ned\u011bl\u00e1m v Ramusu: <\/strong><br>V\u011bci, co neum\u00edm nebo mi ned\u00e1vaj smysl.<br><strong><br>Pro\u010d to ned\u011bl\u00e1m: <\/strong><br>N\u011bkomu to jde l\u00edp nebo v tom nevid\u00edm smysl.<br><br><strong>Nejlep\u0161\u00ed z\u00e1\u017eitek s Ramusem: <\/strong><br>Jak\u00fdkoliv tvo\u0159en\u00ed nebo malov\u00e1n\u00ed. Pov\u00edd\u00e1n\u00ed si, dokud se neztrat\u00ed\u0161 v lese.<\/p>\n\n\n\n<p><strong>Nejhor\u0161\u00ed z\u00e1\u017eitek s Ramusem: <\/strong><br>Nev\u00edm, nevzpomenu si. Ve dvou se to l\u00e9pe t\u00e1hne.<\/p>\n","protected":false},"excerpt":{"rendered":"<p>Kontakt:anna.ladmanova@ramus.je Co d\u011bl\u00e1m v Ramusu: Slun\u00edm se, pov\u00edd\u00e1m si, tvo\u0159\u00edm a v\u00fdletuju s k\u00e1mo\u0161stvem. Asistuju. Taky komunikuju se v\u0161ema asistentkama a asistentama, aby n\u00e1s na akci bylo dost a bylo n\u00e1m dob\u0159e. Pro\u010d to d\u011bl\u00e1m: Proto\u017ee m\u00e1m r\u00e1da d\u011blat v\u011bci, kter\u00fd maj smysl a Ramus.. Co ned\u011bl\u00e1m v Ramusu: V\u011bci, co neum\u00edm nebo mi ned\u00e1vaj &hellip; <a href=\"https:\/\/www.ramus.je\/nejlepsi\/kontakt\/anna-ladmanova-koordinatorka-asistentstva\/\" class=\"more-link\">Continue reading<span class=\"screen-reader-text\"> &#8222;Anna Ladmanov\u00e1 | koordin\u00e1torka asistentstva&#8220;<\/span><\/a><\/p>\n","protected":false},"author":1,"featured_media":0,"parent":2010,"menu_order":0,"comment_status":"closed","ping_status":"closed","template":"","meta":{"ngg_post_thumbnail":0,"footnotes":""},"class_list":["post-2042","page","type-page","status-publish","hentry"],"_links":{"self":[{"href":"https:\/\/www.ramus.je\/nejlepsi\/wp-json\/wp\/v2\/pages\/2042","targetHints":{"allow":["GET"]}}],"collection":[{"href":"https:\/\/www.ramus.je\/nejlepsi\/wp-json\/wp\/v2\/pages"}],"about":[{"href":"https:\/\/www.ramus.je\/nejlepsi\/wp-json\/wp\/v2\/types\/page"}],"author":[{"embeddable":true,"href":"https:\/\/www.ramus.je\/nejlepsi\/wp-json\/wp\/v2\/users\/1"}],"replies":[{"embeddable":true,"href":"https:\/\/www.ramus.je\/nejlepsi\/wp-json\/wp\/v2\/comments?post=2042"}],"version-history":[{"count":12,"href":"https:\/\/www.ramus.je\/nejlepsi\/wp-json\/wp\/v2\/pages\/2042\/revisions"}],"predecessor-version":[{"id":27053,"href":"https:\/\/www.ramus.je\/nejlepsi\/wp-json\/wp\/v2\/pages\/2042\/revisions\/27053"}],"up":[{"embeddable":true,"href":"https:\/\/www.ramus.je\/nejlepsi\/wp-json\/wp\/v2\/pages\/2010"}],"wp:attachment":[{"href":"https:\/\/www.ramus.je\/nejlepsi\/wp-json\/wp\/v2\/media?parent=2042"}],"curies":[{"name":"wp","href":"https:\/\/api.w.org\/{rel}","templated":true}]}}