{"id":2036,"date":"2022-05-14T21:33:50","date_gmt":"2022-05-14T20:33:50","guid":{"rendered":"https:\/\/www.ramus.je\/web\/?page_id=2036"},"modified":"2026-04-06T01:31:45","modified_gmt":"2026-04-06T00:31:45","slug":"marek-pivoda","status":"publish","type":"page","link":"https:\/\/www.ramus.je\/nejlepsi\/kontakt\/marek-pivoda\/","title":{"rendered":"Marek Pivoda | jemn\u00e9  a legendov\u00e9 akce"},"content":{"rendered":"<div class=\"wp-block-image\">\n<figure class=\"alignright size-large is-resized\"><img loading=\"lazy\" decoding=\"async\" width=\"1016\" height=\"1024\" src=\"https:\/\/www.ramus.je\/nejlepsi\/wp-content\/uploads\/2025\/12\/marek-kopie-1016x1024.jpg\" alt=\"\" class=\"wp-image-26523\" style=\"width:283px;height:auto\" srcset=\"https:\/\/www.ramus.je\/nejlepsi\/wp-content\/uploads\/2025\/12\/marek-kopie-1016x1024.jpg 1016w, https:\/\/www.ramus.je\/nejlepsi\/wp-content\/uploads\/2025\/12\/marek-kopie-298x300.jpg 298w, https:\/\/www.ramus.je\/nejlepsi\/wp-content\/uploads\/2025\/12\/marek-kopie-150x150.jpg 150w, https:\/\/www.ramus.je\/nejlepsi\/wp-content\/uploads\/2025\/12\/marek-kopie-768x774.jpg 768w, https:\/\/www.ramus.je\/nejlepsi\/wp-content\/uploads\/2025\/12\/marek-kopie.jpg 1173w\" sizes=\"auto, (min-width: 960px) 75vw, 100vw\" \/><\/figure>\n<\/div>\n\n\n<p><strong>Kontakt:<br><\/strong><a href=\"mailto:marek.pivoda@ramus.je\"><\/a><a href=\"mailto:marek.pivoda@ramus.je\">marek.pivoda@ramus.je<\/a>.<\/p>\n\n\n\n<p><strong>Co d\u011bl\u00e1m v Ramusu:<\/strong> <br>Jezd\u00edm na legendov\u00e9 v\u00edkendovky a t\u00e1bor \u2013 asistovat,<br>ob\u010das va\u0159it. Te\u010f lege akce zkou\u0161\u00edm taky pom\u00e1hat domlouvat.<strong><br><\/strong><\/p>\n\n\n\n<p><strong>Pro\u010d to d\u011bl\u00e1m:<\/strong><br>M\u00e1m Ramus r\u00e1d, d\u00e1v\u00e1 smysl.<br><\/p>\n\n\n\n<p><strong>Co ned\u011bl\u00e1m v Ramusu:<\/strong><br>R\u016fst.<br><\/p>\n\n\n\n<p><strong>Pro\u010d to ned\u011bl\u00e1m?<\/strong><br>Ten ned\u00e1v\u00e1 smysl.<strong><br><\/strong><\/p>\n\n\n\n<p><strong>Nejlep\u0161\u00ed z\u00e1\u017eitek s Ramusem?<br><\/strong>Druh\u00fd oh\u00fdnek na prvn\u00edm t\u00e1bo\u0159e.<\/p>\n\n\n\n<p><strong>Nejhor\u0161\u00ed z\u00e1\u017eitek s Ramusem?<\/strong><br>Zabouch\u00e1v\u00e1n\u00ed boudy na louce (opakovan\u00e9 fiasko).<br><\/p>\n","protected":false},"excerpt":{"rendered":"<p>Kontakt:marek.pivoda@ramus.je. Co d\u011bl\u00e1m v Ramusu: Jezd\u00edm na legendov\u00e9 v\u00edkendovky a t\u00e1bor \u2013 asistovat,ob\u010das va\u0159it. Te\u010f lege akce zkou\u0161\u00edm taky pom\u00e1hat domlouvat. Pro\u010d to d\u011bl\u00e1m:M\u00e1m Ramus r\u00e1d, d\u00e1v\u00e1 smysl. Co ned\u011bl\u00e1m v Ramusu:R\u016fst. Pro\u010d to ned\u011bl\u00e1m?Ten ned\u00e1v\u00e1 smysl. Nejlep\u0161\u00ed z\u00e1\u017eitek s Ramusem?Druh\u00fd oh\u00fdnek na prvn\u00edm t\u00e1bo\u0159e. Nejhor\u0161\u00ed z\u00e1\u017eitek s Ramusem?Zabouch\u00e1v\u00e1n\u00ed boudy na louce (opakovan\u00e9 fiasko).<\/p>\n","protected":false},"author":1,"featured_media":0,"parent":2010,"menu_order":0,"comment_status":"closed","ping_status":"closed","template":"","meta":{"ngg_post_thumbnail":0,"footnotes":""},"class_list":["post-2036","page","type-page","status-publish","hentry"],"_links":{"self":[{"href":"https:\/\/www.ramus.je\/nejlepsi\/wp-json\/wp\/v2\/pages\/2036","targetHints":{"allow":["GET"]}}],"collection":[{"href":"https:\/\/www.ramus.je\/nejlepsi\/wp-json\/wp\/v2\/pages"}],"about":[{"href":"https:\/\/www.ramus.je\/nejlepsi\/wp-json\/wp\/v2\/types\/page"}],"author":[{"embeddable":true,"href":"https:\/\/www.ramus.je\/nejlepsi\/wp-json\/wp\/v2\/users\/1"}],"replies":[{"embeddable":true,"href":"https:\/\/www.ramus.je\/nejlepsi\/wp-json\/wp\/v2\/comments?post=2036"}],"version-history":[{"count":6,"href":"https:\/\/www.ramus.je\/nejlepsi\/wp-json\/wp\/v2\/pages\/2036\/revisions"}],"predecessor-version":[{"id":27013,"href":"https:\/\/www.ramus.je\/nejlepsi\/wp-json\/wp\/v2\/pages\/2036\/revisions\/27013"}],"up":[{"embeddable":true,"href":"https:\/\/www.ramus.je\/nejlepsi\/wp-json\/wp\/v2\/pages\/2010"}],"wp:attachment":[{"href":"https:\/\/www.ramus.je\/nejlepsi\/wp-json\/wp\/v2\/media?parent=2036"}],"curies":[{"name":"wp","href":"https:\/\/api.w.org\/{rel}","templated":true}]}}