{"id":2030,"date":"2022-05-14T21:32:25","date_gmt":"2022-05-14T20:32:25","guid":{"rendered":"https:\/\/www.ramus.je\/web\/?page_id=2030"},"modified":"2026-04-19T01:29:52","modified_gmt":"2026-04-19T00:29:52","slug":"johana-peroutova-fundraising","status":"publish","type":"page","link":"https:\/\/www.ramus.je\/nejlepsi\/kontakt\/johana-peroutova-fundraising\/","title":{"rendered":"Johana Peroutov\u00e1 | fundraising"},"content":{"rendered":"<div class=\"wp-block-image is-resized\">\n<figure class=\"alignright size-full\"><img loading=\"lazy\" decoding=\"async\" width=\"472\" height=\"476\" src=\"https:\/\/www.ramus.je\/nejlepsi\/wp-content\/uploads\/2026\/04\/johymala-kopie.png\" alt=\"\" class=\"wp-image-27057\" style=\"aspect-ratio:0.9916311988905361;width:322px;height:auto\" srcset=\"https:\/\/www.ramus.je\/nejlepsi\/wp-content\/uploads\/2026\/04\/johymala-kopie.png 472w, https:\/\/www.ramus.je\/nejlepsi\/wp-content\/uploads\/2026\/04\/johymala-kopie-297x300.png 297w, https:\/\/www.ramus.je\/nejlepsi\/wp-content\/uploads\/2026\/04\/johymala-kopie-150x150.png 150w\" sizes=\"auto, (min-width: 960px) 75vw, 100vw\" \/><\/figure>\n<\/div>\n\n\n<p><strong>Kontakt:<\/strong><br><a href=\"mailto:johana.peroutova@ramus.je\"><a href=\"mailto:johana.peroutova@ramus.je\">johana.peroutova@ramus.je<\/a><\/a><br><\/p>\n\n\n\n<p><strong>Co d\u011bl\u00e1m v Ramusu:<\/strong><br>U\u010d\u00edm se koukat na sv\u011bt z nev\u0161edn\u00ed, dobrodru\u017en\u00fd perspektivy a nezapom\u00ednat, \u017ee i okam\u017eiky relativn\u00edho klidu rozhodn\u011b nejsou nuda. Jezd\u00edm a chod\u00edm na v\u00edkendovky, humry i t\u00e1bor. Te\u010fka jako fundraiserka taky pe\u010duju o ramus\u00ed pen\u00edze. P\u0159ev\u00e1\u017en\u011b se je teda sna\u017e\u00edm sh\u00e1n\u011bt. Star\u00e1m se o st\u00e1vaj\u00edc\u00ed sponzory a d\u00e1rce a z\u00e1rove\u0148 se sna\u017e\u00edm hledat dal\u0161\u00ed. Spoluorganizuju benefi\u010dn\u00ed akce a taky budu rozj\u00ed\u017ed\u011bt novou darovac\u00ed kampa\u0148.<\/p>\n\n\n\n<p><strong>Pro\u010d to d\u011bl\u00e1m:<\/strong><br>\u00a0Abychom mohli pokra\u010dovat v t\u00fd supr j\u00edzd\u011b, co spolu jako Ramus\u00e1ctvo za\u017e\u00edv\u00e1me a proto\u017ee je mi s Ramusem hezky.\u00a0<br>v\u00ed sm\u011b\u0159ovat pen\u00edze tam, kde d\u00e1vaj\u00ed smysl a kde je legrace.<\/p>\n\n\n\n<p><strong>Co ned\u011bl\u00e1m v Ramusu:<br><\/strong>Ne\u0159\u00edd\u00edm auta (prozat\u00edm). Nekafr\u00e1m do v\u011bc\u00ed, kter\u00fdm nerozum\u00edm.<\/p>\n\n\n\n<p><strong>Pro\u010d to ned\u011bl\u00e1m:<br><\/strong>Proto\u017ee je supr, \u017ee je spoustu lid\u00ed, kte\u0159\u00ed tomu rozum\u00ed, a r\u00e1da jim to p\u0159enech\u00e1m.<\/p>\n\n\n\n<p><strong>Nejlep\u0161\u00ed z\u00e1\u017eitek s Ramusem<br><\/strong>Asi mraven\u010d\u00ed bojovka na legendov\u00fdm t\u00e1bo\u0159e. \u0160la jsem s Kudlou a Ani\u010dkou a stra\u0161n\u011b jsme se nasm\u00e1li, ale trochu teda i b\u00e1li. Navz\u00e1jem jsme se toti\u017e stra\u0161ili, ale ve v\u00fdsledku jsme to p\u0159ehnali, a strachy jsme m\u00e1lem zapli baterku. Zachr\u00e1nili n\u00e1s a\u017e v Pajzlu U t\u0159\u00ed zadk\u016f, kde jsme si dali lahodn\u00fd elix\u00edr na posiln\u011bnou a hrdinn\u011b do\u0161li. A ta party pak byla taky bangr.<\/p>\n\n\n\n<p><strong>Nejhor\u0161\u00ed z\u00e1\u017eitek s Ramusem<br><\/strong>Ani nevim.<\/p>\n","protected":false},"excerpt":{"rendered":"<p>Kontakt:johana.peroutova@ramus.je Co d\u011bl\u00e1m v Ramusu:U\u010d\u00edm se koukat na sv\u011bt z nev\u0161edn\u00ed, dobrodru\u017en\u00fd perspektivy a nezapom\u00ednat, \u017ee i okam\u017eiky relativn\u00edho klidu rozhodn\u011b nejsou nuda. Jezd\u00edm a chod\u00edm na v\u00edkendovky, humry i t\u00e1bor. Te\u010fka jako fundraiserka taky pe\u010duju o ramus\u00ed pen\u00edze. P\u0159ev\u00e1\u017en\u011b se je teda sna\u017e\u00edm sh\u00e1n\u011bt. Star\u00e1m se o st\u00e1vaj\u00edc\u00ed sponzory a d\u00e1rce a z\u00e1rove\u0148 se &hellip; <a href=\"https:\/\/www.ramus.je\/nejlepsi\/kontakt\/johana-peroutova-fundraising\/\" class=\"more-link\">Continue reading<span class=\"screen-reader-text\"> &#8222;Johana Peroutov\u00e1 | fundraising&#8220;<\/span><\/a><\/p>\n","protected":false},"author":1,"featured_media":0,"parent":2010,"menu_order":0,"comment_status":"closed","ping_status":"closed","template":"","meta":{"ngg_post_thumbnail":0,"footnotes":""},"class_list":["post-2030","page","type-page","status-publish","hentry"],"_links":{"self":[{"href":"https:\/\/www.ramus.je\/nejlepsi\/wp-json\/wp\/v2\/pages\/2030","targetHints":{"allow":["GET"]}}],"collection":[{"href":"https:\/\/www.ramus.je\/nejlepsi\/wp-json\/wp\/v2\/pages"}],"about":[{"href":"https:\/\/www.ramus.je\/nejlepsi\/wp-json\/wp\/v2\/types\/page"}],"author":[{"embeddable":true,"href":"https:\/\/www.ramus.je\/nejlepsi\/wp-json\/wp\/v2\/users\/1"}],"replies":[{"embeddable":true,"href":"https:\/\/www.ramus.je\/nejlepsi\/wp-json\/wp\/v2\/comments?post=2030"}],"version-history":[{"count":3,"href":"https:\/\/www.ramus.je\/nejlepsi\/wp-json\/wp\/v2\/pages\/2030\/revisions"}],"predecessor-version":[{"id":27059,"href":"https:\/\/www.ramus.je\/nejlepsi\/wp-json\/wp\/v2\/pages\/2030\/revisions\/27059"}],"up":[{"embeddable":true,"href":"https:\/\/www.ramus.je\/nejlepsi\/wp-json\/wp\/v2\/pages\/2010"}],"wp:attachment":[{"href":"https:\/\/www.ramus.je\/nejlepsi\/wp-json\/wp\/v2\/media?parent=2030"}],"curies":[{"name":"wp","href":"https:\/\/api.w.org\/{rel}","templated":true}]}}