{"id":2027,"date":"2022-05-14T21:31:52","date_gmt":"2022-05-14T20:31:52","guid":{"rendered":"https:\/\/www.ramus.je\/web\/?page_id=2027"},"modified":"2026-01-27T12:53:13","modified_gmt":"2026-01-27T11:53:13","slug":"julie-klimesova-koordinatorka-lidi-s-postizenim","status":"publish","type":"page","link":"https:\/\/www.ramus.je\/nejlepsi\/kontakt\/julie-klimesova-koordinatorka-lidi-s-postizenim\/","title":{"rendered":"Julie Klime\u0161ov\u00e1 | koordin\u00e1torka lid\u00ed s posti\u017een\u00edm"},"content":{"rendered":"<div class=\"wp-block-image\">\n<figure class=\"alignright size-large is-resized\"><img loading=\"lazy\" decoding=\"async\" width=\"1024\" height=\"1024\" src=\"https:\/\/www.ramus.je\/nejlepsi\/wp-content\/uploads\/2024\/09\/Julie-3-1024x1024.png\" alt=\"\" class=\"wp-image-21786\" style=\"width:286px;height:286px\" srcset=\"https:\/\/www.ramus.je\/nejlepsi\/wp-content\/uploads\/2024\/09\/Julie-3-1024x1024.png 1024w, https:\/\/www.ramus.je\/nejlepsi\/wp-content\/uploads\/2024\/09\/Julie-3-300x300.png 300w, https:\/\/www.ramus.je\/nejlepsi\/wp-content\/uploads\/2024\/09\/Julie-3-150x150.png 150w, https:\/\/www.ramus.je\/nejlepsi\/wp-content\/uploads\/2024\/09\/Julie-3-768x768.png 768w, https:\/\/www.ramus.je\/nejlepsi\/wp-content\/uploads\/2024\/09\/Julie-3-600x600.png 600w, https:\/\/www.ramus.je\/nejlepsi\/wp-content\/uploads\/2024\/09\/Julie-3.png 1182w\" sizes=\"auto, (min-width: 960px) 75vw, 100vw\" \/><\/figure>\n<\/div>\n\n\n<p><strong>Kontakt:<\/strong><br><a href=\"julie.klimesova@ramus.je\">julie.klimesova@ramus.je<\/a><br><\/p>\n\n\n\n<p><strong>Co d\u011bl\u00e1m v Ramusu:<\/strong><br>Jezd\u00edm na v\u00edkendovky a letn\u00ed t\u00e1bor. Odpo\u010d\u00edv\u00e1m, sm\u011bju se s k\u00e1mo\u0161ema, asistuju, sb\u00edr\u00e1m inspiraci a z\u00e1\u017eitky. Jako koordin\u00e1torka se te\u010f taky star\u00e1m o p\u0159ihla\u0161ov\u00e1n\u00ed lid\u00ed s posti\u017een\u00edm na ramus\u00ed akce. Komunikuji s nimi nebo s jejich rodi\u010di nebo jin\u00fdmi z\u00e1stupci a sna\u017e\u00edm se, abychom byli navz\u00e1jem informov\u00e1ni o tom, o \u010dem je t\u0159eba. Spolu s dal\u0161\u00edmi se taky pod\u00edl\u00edm na pl\u00e1nov\u00e1n\u00ed ramus\u00edch sez\u00f3n a ramus\u00edho chodu.<\/p>\n\n\n\n<p><strong>Pro\u010d to d\u011bl\u00e1m:<\/strong><br>Bav\u00ed m\u011b ramus\u00ed parta a tr\u00e1ven\u00ed \u010dasu s n\u00ed, je to pro m\u011b nev\u0161edn\u00ed. U\u010d\u00edm se spoustu nov\u00fdch v\u011bc\u00ed a zkou\u0161\u00edm taky jak\u00fd to je, kdy\u017e m\u00e1m n\u011bjakou zodpov\u011bdnost, kdy\u017e o n\u011bkoho pe\u010duju a n\u011bkdo pe\u010duje o m\u011b (trochu je\u0161t\u011b jinak, ne\u017e jsem zvykl\u00e1 z m\u00e9ho \u017eivota mimo Ramus).<\/p>\n\n\n\n<p><strong>Co ned\u011bl\u00e1m v Ramusu:<\/strong><br>V\u011bt\u0161inou nevym\u00fd\u0161l\u00edm hry a program. Zat\u00edm ne\u0159\u00edd\u00edm dod\u00e1vku. Nesh\u00e1n\u00edm a nespravuju finance.<\/p>\n\n\n\n<p><strong>Pro\u010d to ned\u011bl\u00e1m:<\/strong><br>Nejde mi to a tolik m\u011b to nebav\u00ed, d\u011blaj\u00ed to jin\u00ed lid\u00e9, kter\u00fdm to jde!<\/p>\n\n\n\n<p><strong>Nejlep\u0161\u00ed z\u00e1\u017eitek s Ramusem:<\/strong><br>Kdy\u017e jsme hr\u00e1li tichou po\u0161tu na t\u00e1borov\u00fd louce. Zachumlan\u00fd ve\u010dery na d\u0159evomorce. Pe\u010den\u00ed placek ve venkovn\u00ed peci. P\u0159edv\u00e1d\u011bn\u00ed sc\u00e9nky, kterou tlumo\u010dil Erik. Ale je toho hodn\u011b\u2026<\/p>\n\n\n\n<p><strong>Nejhor\u0161\u00ed z\u00e1\u017eitek s Ramusem:<\/strong><br>Te\u010f si nevzpom\u00edn\u00e1m na \u017e\u00e1dn\u00fd hrozn\u00fd, nato\u017e na nejhor\u0161\u00ed.<\/p>\n","protected":false},"excerpt":{"rendered":"<p>Kontakt:julie.klimesova@ramus.je Co d\u011bl\u00e1m v Ramusu:Jezd\u00edm na v\u00edkendovky a letn\u00ed t\u00e1bor. Odpo\u010d\u00edv\u00e1m, sm\u011bju se s k\u00e1mo\u0161ema, asistuju, sb\u00edr\u00e1m inspiraci a z\u00e1\u017eitky. Jako koordin\u00e1torka se te\u010f taky star\u00e1m o p\u0159ihla\u0161ov\u00e1n\u00ed lid\u00ed s posti\u017een\u00edm na ramus\u00ed akce. Komunikuji s nimi nebo s jejich rodi\u010di nebo jin\u00fdmi z\u00e1stupci a sna\u017e\u00edm se, abychom byli navz\u00e1jem informov\u00e1ni o tom, o \u010dem &hellip; <a href=\"https:\/\/www.ramus.je\/nejlepsi\/kontakt\/julie-klimesova-koordinatorka-lidi-s-postizenim\/\" class=\"more-link\">Continue reading<span class=\"screen-reader-text\"> &#8222;Julie Klime\u0161ov\u00e1 | koordin\u00e1torka lid\u00ed s posti\u017een\u00edm&#8220;<\/span><\/a><\/p>\n","protected":false},"author":1,"featured_media":0,"parent":2010,"menu_order":0,"comment_status":"closed","ping_status":"closed","template":"","meta":{"ngg_post_thumbnail":0,"footnotes":""},"class_list":["post-2027","page","type-page","status-publish","hentry"],"_links":{"self":[{"href":"https:\/\/www.ramus.je\/nejlepsi\/wp-json\/wp\/v2\/pages\/2027","targetHints":{"allow":["GET"]}}],"collection":[{"href":"https:\/\/www.ramus.je\/nejlepsi\/wp-json\/wp\/v2\/pages"}],"about":[{"href":"https:\/\/www.ramus.je\/nejlepsi\/wp-json\/wp\/v2\/types\/page"}],"author":[{"embeddable":true,"href":"https:\/\/www.ramus.je\/nejlepsi\/wp-json\/wp\/v2\/users\/1"}],"replies":[{"embeddable":true,"href":"https:\/\/www.ramus.je\/nejlepsi\/wp-json\/wp\/v2\/comments?post=2027"}],"version-history":[{"count":12,"href":"https:\/\/www.ramus.je\/nejlepsi\/wp-json\/wp\/v2\/pages\/2027\/revisions"}],"predecessor-version":[{"id":26828,"href":"https:\/\/www.ramus.je\/nejlepsi\/wp-json\/wp\/v2\/pages\/2027\/revisions\/26828"}],"up":[{"embeddable":true,"href":"https:\/\/www.ramus.je\/nejlepsi\/wp-json\/wp\/v2\/pages\/2010"}],"wp:attachment":[{"href":"https:\/\/www.ramus.je\/nejlepsi\/wp-json\/wp\/v2\/media?parent=2027"}],"curies":[{"name":"wp","href":"https:\/\/api.w.org\/{rel}","templated":true}]}}

Julie Klimešová | koordinátorka lidí s postižením

<div class="wp-block-image">
<figure class="alignright size-large is-resized"><img loading="lazy" decoding="async" width="1024" height="1024" src="https://www.ramus.je/nejlepsi/wp-content/uploads/2024/09/Julie-3-1024x1024.png" alt="" class="wp-image-21786" style="width:286px;height:286px" srcset="https://www.ramus.je/nejlepsi/wp-content/uploads/2024/09/Julie-3-1024x1024.png 1024w, https://www.ramus.je/nejlepsi/wp-content/uploads/2024/09/Julie-3-300x300.png 300w, https://www.ramus.je/nejlepsi/wp-content/uploads/2024/09/Julie-3-150x150.png 150w, https://www.ramus.je/nejlepsi/wp-content/uploads/2024/09/Julie-3-768x768.png 768w, https://www.ramus.je/nejlepsi/wp-content/uploads/2024/09/Julie-3-600x600.png 600w, https://www.ramus.je/nejlepsi/wp-content/uploads/2024/09/Julie-3.png 1182w" sizes="auto, (min-width: 960px) 75vw, 100vw" /></figure>
</div>


<p><strong>Kontakt:</strong><br><a href="julie.klimesova@ramus.je">julie.klimesova@ramus.je</a><br></p>



<p><strong>Co dělám v Ramusu:</strong><br>Jezdím na víkendovky a letní tábor. Odpočívám, směju se s kámošema, asistuju, sbírám inspiraci a zážitky. Jako koordinátorka se teď taky starám o přihlašování lidí s postižením na ramusí akce. Komunikuji s nimi nebo s jejich rodiči nebo jinými zástupci a snažím se, abychom byli navzájem informováni o tom, o čem je třeba. Spolu s dalšími se taky podílím na plánování ramusích sezón a ramusího chodu.</p>



<p><strong>Proč to dělám:</strong><br>Baví mě ramusí parta a trávení času s ní, je to pro mě nevšední. Učím se spoustu nových věcí a zkouším taky jaký to je, když mám nějakou zodpovědnost, když o někoho pečuju a někdo pečuje o mě (trochu ještě jinak, než jsem zvyklá z mého života mimo Ramus).</p>



<p><strong>Co nedělám v Ramusu:</strong><br>Většinou nevymýšlím hry a program. Zatím neřídím dodávku. Nesháním a nespravuju finance.</p>



<p><strong>Proč to nedělám:</strong><br>Nejde mi to a tolik mě to nebaví, dělají to jiní lidé, kterým to jde!</p>



<p><strong>Nejlepší zážitek s Ramusem:</strong><br>Když jsme hráli tichou poštu na táborový louce. Zachumlaný večery na dřevomorce. Pečení placek ve venkovní peci. Předvádění scénky, kterou tlumočil Erik. Ale je toho hodně…</p>



<p><strong>Nejhorší zážitek s Ramusem:</strong><br>Teď si nevzpomínám na žádný hrozný, natož na nejhorší.</p>

<p>Kontakt:julie.klimesova@ramus.je Co dělám v Ramusu:Jezdím na víkendovky a letní tábor. Odpočívám, směju se s kámošema, asistuju, sbírám inspiraci a zážitky. Jako koordinátorka se teď taky starám o přihlašování lidí s postižením na ramusí akce. Komunikuji s nimi nebo s jejich rodiči nebo jinými zástupci a snažím se, abychom byli navzájem informováni o tom, o čem &hellip; <a href="https://www.ramus.je/nejlepsi/kontakt/julie-klimesova-koordinatorka-lidi-s-postizenim/" class="more-link">Continue reading<span class="screen-reader-text"> &#8222;Julie Klimešová | koordinátorka lidí s postižením&#8220;</span></a></p>
