{"id":2020,"date":"2022-05-14T21:07:58","date_gmt":"2022-05-14T20:07:58","guid":{"rendered":"https:\/\/www.ramus.je\/web\/?page_id=2020"},"modified":"2026-01-08T17:04:44","modified_gmt":"2026-01-08T16:04:44","slug":"katerina-bilkova-reditelka","status":"publish","type":"page","link":"https:\/\/www.ramus.je\/nejlepsi\/kontakt\/katerina-bilkova-reditelka\/","title":{"rendered":"Kate\u0159ina B\u00edlkov\u00e1 | \u0159editelka"},"content":{"rendered":"<div class=\"wp-block-image is-resized\">\n<figure class=\"alignright size-full\"><img loading=\"lazy\" decoding=\"async\" width=\"1173\" height=\"1182\" src=\"https:\/\/www.ramus.je\/nejlepsi\/wp-content\/uploads\/2026\/01\/KATA-kopie.jpg\" alt=\"\" class=\"wp-image-26808\" style=\"width:266px;height:auto\" srcset=\"https:\/\/www.ramus.je\/nejlepsi\/wp-content\/uploads\/2026\/01\/KATA-kopie.jpg 1173w, https:\/\/www.ramus.je\/nejlepsi\/wp-content\/uploads\/2026\/01\/KATA-kopie-298x300.jpg 298w, https:\/\/www.ramus.je\/nejlepsi\/wp-content\/uploads\/2026\/01\/KATA-kopie-1016x1024.jpg 1016w, https:\/\/www.ramus.je\/nejlepsi\/wp-content\/uploads\/2026\/01\/KATA-kopie-150x150.jpg 150w, https:\/\/www.ramus.je\/nejlepsi\/wp-content\/uploads\/2026\/01\/KATA-kopie-768x774.jpg 768w\" sizes=\"auto, (min-width: 960px) 75vw, 100vw\" \/><\/figure>\n<\/div>\n\n\n<p><strong>Kontakt:<br><\/strong><a href=\"mailto:olga.bierhanzlova@ramus.je\">katerina.bilkova@<\/a><a href=\"http:\/\/ramus.je\/\" target=\"_blank\" rel=\"noreferrer noopener\">ramus.je<\/a><\/p>\n\n\n\n<p><strong>Co d\u011bl\u00e1m v Ramusu:<\/strong><br>P\u0159em\u00fd\u0161liv\u00fd statut\u00e1rn\u00ed org\u00e1n s raz\u00edtkem. Pt\u00e1m se na smysl v\u011bc\u00ed. Debatuju, vym\u00fd\u0161l\u00edm, chci m\u011bnit a u\u010d\u00edm se. Chod\u00edm v\u010das.<\/p>\n\n\n\n<p><strong>Pro\u010d to d\u011bl\u00e1m:<\/strong><br>Jsem hodn\u011b p\u0159em\u00fd\u0161liv\u00e1. A p\u0159em\u00fd\u0161let pro Ramus, o tom jsem si ani netroufala sn\u00edt. Ramus mi toho spoustu dal a chci mu n\u011bco d\u00e1vat nazp\u00e1tek. Zvl\u00e1\u0161\u0165 kdy\u017e m\u016f\u017eu nab\u00eddnout spo\u0159\u00e1danost v e-mailech, ideje a dialogy.<\/p>\n\n\n\n<p><strong>Co ned\u011bl\u00e1m:<\/strong><br>Velk\u00fd akce, t\u00fdp\u00ed ty\u010de, velk\u00fd kut\u011bn\u00ed, ne\u0159\u00edd\u00edm dod\u00e1vku.<br><br><strong>Pro\u010d to ned\u011bl\u00e1m<\/strong>:<br>Je to moc praktick\u00fd.<\/p>\n\n\n\n<p><strong>Nejlep\u0161\u00ed z\u00e1\u017eitek s Ramusem:<\/strong><br>T\u00e1borov\u00e1 absolutn\u00ed svoboda. T\u016f\u0148ka a hv\u011bzdy a tla\u010dit vozejky po tr\u00e1v\u011b naboso.<\/p>\n\n\n\n<p><strong>Nejhor\u0161\u00ed z\u00e1\u017eitek s Ramusem:<\/strong><br>Kdy\u017e se mi sm\u011bjou, \u017ee jsem moc Hermiona.<\/p>\n","protected":false},"excerpt":{"rendered":"<p>Kontakt:katerina.bilkova@ramus.je Co d\u011bl\u00e1m v Ramusu:P\u0159em\u00fd\u0161liv\u00fd statut\u00e1rn\u00ed org\u00e1n s raz\u00edtkem. Pt\u00e1m se na smysl v\u011bc\u00ed. Debatuju, vym\u00fd\u0161l\u00edm, chci m\u011bnit a u\u010d\u00edm se. Chod\u00edm v\u010das. Pro\u010d to d\u011bl\u00e1m:Jsem hodn\u011b p\u0159em\u00fd\u0161liv\u00e1. A p\u0159em\u00fd\u0161let pro Ramus, o tom jsem si ani netroufala sn\u00edt. Ramus mi toho spoustu dal a chci mu n\u011bco d\u00e1vat nazp\u00e1tek. Zvl\u00e1\u0161\u0165 kdy\u017e m\u016f\u017eu nab\u00eddnout spo\u0159\u00e1danost &hellip; <a href=\"https:\/\/www.ramus.je\/nejlepsi\/kontakt\/katerina-bilkova-reditelka\/\" class=\"more-link\">Continue reading<span class=\"screen-reader-text\"> &#8222;Kate\u0159ina B\u00edlkov\u00e1 | \u0159editelka&#8220;<\/span><\/a><\/p>\n","protected":false},"author":1,"featured_media":0,"parent":2010,"menu_order":0,"comment_status":"closed","ping_status":"closed","template":"","meta":{"ngg_post_thumbnail":0,"footnotes":""},"class_list":["post-2020","page","type-page","status-publish","hentry"],"_links":{"self":[{"href":"https:\/\/www.ramus.je\/nejlepsi\/wp-json\/wp\/v2\/pages\/2020","targetHints":{"allow":["GET"]}}],"collection":[{"href":"https:\/\/www.ramus.je\/nejlepsi\/wp-json\/wp\/v2\/pages"}],"about":[{"href":"https:\/\/www.ramus.je\/nejlepsi\/wp-json\/wp\/v2\/types\/page"}],"author":[{"embeddable":true,"href":"https:\/\/www.ramus.je\/nejlepsi\/wp-json\/wp\/v2\/users\/1"}],"replies":[{"embeddable":true,"href":"https:\/\/www.ramus.je\/nejlepsi\/wp-json\/wp\/v2\/comments?post=2020"}],"version-history":[{"count":10,"href":"https:\/\/www.ramus.je\/nejlepsi\/wp-json\/wp\/v2\/pages\/2020\/revisions"}],"predecessor-version":[{"id":27058,"href":"https:\/\/www.ramus.je\/nejlepsi\/wp-json\/wp\/v2\/pages\/2020\/revisions\/27058"}],"up":[{"embeddable":true,"href":"https:\/\/www.ramus.je\/nejlepsi\/wp-json\/wp\/v2\/pages\/2010"}],"wp:attachment":[{"href":"https:\/\/www.ramus.je\/nejlepsi\/wp-json\/wp\/v2\/media?parent=2020"}],"curies":[{"name":"wp","href":"https:\/\/api.w.org\/{rel}","templated":true}]}}

Kateřina Bílková | ředitelka

<div class="wp-block-image is-resized">
<figure class="alignright size-full"><img loading="lazy" decoding="async" width="1173" height="1182" src="https://www.ramus.je/nejlepsi/wp-content/uploads/2026/01/KATA-kopie.jpg" alt="" class="wp-image-26808" style="width:266px;height:auto" srcset="https://www.ramus.je/nejlepsi/wp-content/uploads/2026/01/KATA-kopie.jpg 1173w, https://www.ramus.je/nejlepsi/wp-content/uploads/2026/01/KATA-kopie-298x300.jpg 298w, https://www.ramus.je/nejlepsi/wp-content/uploads/2026/01/KATA-kopie-1016x1024.jpg 1016w, https://www.ramus.je/nejlepsi/wp-content/uploads/2026/01/KATA-kopie-150x150.jpg 150w, https://www.ramus.je/nejlepsi/wp-content/uploads/2026/01/KATA-kopie-768x774.jpg 768w" sizes="auto, (min-width: 960px) 75vw, 100vw" /></figure>
</div>


<p><strong>Kontakt:<br></strong><a href="mailto:olga.bierhanzlova@ramus.je">katerina.bilkova@</a><a href="http://ramus.je/" target="_blank" rel="noreferrer noopener">ramus.je</a></p>



<p><strong>Co dělám v Ramusu:</strong><br>Přemýšlivý statutární orgán s razítkem. Ptám se na smysl věcí. Debatuju, vymýšlím, chci měnit a učím se. Chodím včas.</p>



<p><strong>Proč to dělám:</strong><br>Jsem hodně přemýšlivá. A přemýšlet pro Ramus, o tom jsem si ani netroufala snít. Ramus mi toho spoustu dal a chci mu něco dávat nazpátek. Zvlášť když můžu nabídnout spořádanost v e-mailech, ideje a dialogy.</p>



<p><strong>Co nedělám:</strong><br>Velký akce, týpí tyče, velký kutění, neřídím dodávku.<br><br><strong>Proč to nedělám</strong>:<br>Je to moc praktický.</p>



<p><strong>Nejlepší zážitek s Ramusem:</strong><br>Táborová absolutní svoboda. Tůňka a hvězdy a tlačit vozejky po trávě naboso.</p>



<p><strong>Nejhorší zážitek s Ramusem:</strong><br>Když se mi smějou, že jsem moc Hermiona.</p>

<p>Kontakt:katerina.bilkova@ramus.je Co dělám v Ramusu:Přemýšlivý statutární orgán s razítkem. Ptám se na smysl věcí. Debatuju, vymýšlím, chci měnit a učím se. Chodím včas. Proč to dělám:Jsem hodně přemýšlivá. A přemýšlet pro Ramus, o tom jsem si ani netroufala snít. Ramus mi toho spoustu dal a chci mu něco dávat nazpátek. Zvlášť když můžu nabídnout spořádanost &hellip; <a href="https://www.ramus.je/nejlepsi/kontakt/katerina-bilkova-reditelka/" class="more-link">Continue reading<span class="screen-reader-text"> &#8222;Kateřina Bílková | ředitelka&#8220;</span></a></p>
