{"id":2010,"date":"2022-05-14T20:52:58","date_gmt":"2022-05-14T19:52:58","guid":{"rendered":"https:\/\/www.ramus.je\/web\/?page_id=2010"},"modified":"2026-03-10T18:54:53","modified_gmt":"2026-03-10T17:54:53","slug":"kontakt","status":"publish","type":"page","link":"https:\/\/www.ramus.je\/nejlepsi\/kontakt\/","title":{"rendered":"Kontakt"},"content":{"rendered":"\n<p><strong>S\u00eddlo Ramusu:<\/strong>&nbsp;Ryzlinkov\u00e1 2243\/8, Praha 8, 182 00<br><strong>Kancl:&nbsp;<\/strong>Pod Sokolovnou 9\/693, Praha 4<br><strong>I\u010cO:<\/strong>&nbsp;22830065<br><strong>DI\u010c:<\/strong>&nbsp;CZ22830065<br><strong>\u010c\u00edslo \u00fa\u010dtu:<\/strong>&nbsp;2300563154\/2010<br><strong>\u010c\u00edslo sb\u00edrkov\u00e9ho \u00fa\u010dtu:<\/strong>&nbsp;2400279900\/2010<br><strong>Soc. s\u00edt\u011b:&nbsp;&nbsp;<a href=\"https:\/\/www.facebook.com\/OSRamus\">facebook<\/a>&nbsp;&nbsp;|&nbsp;<\/strong><a href=\"http:\/\/bit.ly\/1AY6uPK\"><strong>vimeo<\/strong><\/a><strong><strong>&nbsp;|&nbsp;<\/strong><a href=\"http:\/\/issuu.com\/osramus\">issuu<\/a>&nbsp;<strong>&nbsp;|<\/strong>&nbsp;<a href=\"https:\/\/www.instagram.com\/ramus.je\/\" data-type=\"link\" data-id=\"https:\/\/www.instagram.com\/ramus.je\/\">instagram<\/a><\/strong><\/p>\n\n\n\n<hr class=\"wp-block-separator has-css-opacity\"\/>\n\n\n\n<h2 class=\"wp-block-heading\">Provozn\u00ed skupinka Ramusu<\/h2>\n\n\n\n<p><strong><em>Ranec \u0161vandy o lidech Ramusu se dozv\u00edte v lev\u00e9m menu.<\/em><\/strong><\/p>\n\n\n\n<div class=\"wp-block-group\"><div class=\"wp-block-group__inner-container is-layout-flow wp-block-group-is-layout-flow\">\n<figure class=\"wp-block-table alignwide is-style-transparent-table-style has-small-font-size\"><table class=\"has-white-background-color has-background\"><tbody><tr><td><strong>\u25ba<a href=\"https:\/\/www.ramus.je\/nejlepsi\/kontakt\/katerina-bilkova-reditelka\/\">Kate\u0159ina B\u00edlkov\u00e1<\/a><\/strong>: \u0159editelka <br><a href=\"mailto:katerina.bilkova@ramus.je\">katerina.bilkova@ramus.je<\/a><br><br><br><\/td><td><\/td><td><\/td><td><img decoding=\"async\" style=\"width: 60px;\" src=\"https:\/\/www.ramus.je\/nejlepsi\/wp-content\/uploads\/2026\/01\/KATA-kopie.jpg\" alt=\"\"><br><\/td><\/tr><tr><td><strong>\u25ba <a href=\"https:\/\/www.ramus.je\/nejlepsi\/kontakt\/vali-sebkova-koordinatorka-asistentstva\/\" data-type=\"page\" data-id=\"2042\">Vali \u0160ebkov\u00e1<\/a><\/strong>: koordin\u00e1torka asistentstva<br><a href=\"mailto:valerie.sebkova@ramus.je\" data-type=\"mailto\" data-id=\"mailto:valerie.sebkova@ramus.je\">valerie.sebkova@ramus.je<\/a>&nbsp;<br><br><br><\/td><td><\/td><td><\/td><td><img decoding=\"async\" style=\"width: 60px;\" src=\"https:\/\/www.ramus.je\/nejlepsi\/wp-content\/uploads\/2023\/02\/vali-6-1024x1024.png\" alt=\"Tento obr\u00e1zek nem\u00e1 vypln\u011bn\u00fd atribut alt; n\u00e1zev souboru je vali-6-1024x1024.png.\"><br><\/td><\/tr><tr><td><strong>\u25ba<a href=\"https:\/\/www.ramus.je\/nejlepsi\/kontakt\/julie-klimesova-koordinatorka-lidi-s-postizenim\/\" data-type=\"page\" data-id=\"2027\">Julie Klime\u0161ov\u00e1<\/a><\/strong>: koordin\u00e1torka lid\u00ed s posti\u017een\u00edm<br><a href=\"mailto:julie.klimesova@ramus.je\" data-type=\"mailto\" data-id=\"mailto:julie.klimesova@ramus.je\">julie.klimesova@ramus.je<\/a><br><br><br><\/td><td><\/td><td><\/td><td><img decoding=\"async\" style=\"width: 60px;\" src=\"https:\/\/www.ramus.je\/nejlepsi\/wp-content\/uploads\/2024\/09\/Julie.png\"><br><\/td><\/tr><tr><td><strong>\u25ba<a href=\"https:\/\/www.ramus.je\/nejlepsi\/kontakt\/lenka-markvartova-fundraising\/\" data-type=\"page\" data-id=\"2030\">Lenka Markvartov\u00e1<\/a><\/strong>: fundraiserka<br><a href=\"mailto:lenka.markvartova@ramus.je\">lenka.markvartova@ramus.je<\/a>&nbsp;<br><br><br><\/td><td><\/td><td><\/td><td><img decoding=\"async\" width=\"60\" src=\"http:\/\/ramus.je\/img\/ksichty\/lenka_portret.jpg\" alt=\"alt\"><br><\/td><\/tr><tr><td><strong>\u25ba<a href=\"https:\/\/www.ramus.je\/nejlepsi\/kontakt\/jantra-simova\/\" data-type=\"page\" data-id=\"2033\">Jantra \u0160\u00edmov\u00e1<\/a><\/strong>: PRopagandistka<br><a href=\"mailto:jantra.simova@ramus.je\" data-type=\"mailto\" data-id=\"mailto:jantra.simova@ramus.je\">jantra.simova@ramus.je<\/a><br><br><br><\/td><td><\/td><td><\/td><td><img loading=\"lazy\" decoding=\"async\" width=\"60\" height=\"60\" class=\"wp-image-21784\" style=\"width: 60px;\" src=\"https:\/\/www.ramus.je\/nejlepsi\/wp-content\/uploads\/2024\/09\/jantra-1.png\" alt=\"\" srcset=\"https:\/\/www.ramus.je\/nejlepsi\/wp-content\/uploads\/2024\/09\/jantra-1.png 1182w, https:\/\/www.ramus.je\/nejlepsi\/wp-content\/uploads\/2024\/09\/jantra-1-300x300.png 300w, https:\/\/www.ramus.je\/nejlepsi\/wp-content\/uploads\/2024\/09\/jantra-1-1024x1024.png 1024w, https:\/\/www.ramus.je\/nejlepsi\/wp-content\/uploads\/2024\/09\/jantra-1-150x150.png 150w, https:\/\/www.ramus.je\/nejlepsi\/wp-content\/uploads\/2024\/09\/jantra-1-768x768.png 768w, https:\/\/www.ramus.je\/nejlepsi\/wp-content\/uploads\/2024\/09\/jantra-1-600x600.png 600w\" sizes=\"auto, (min-width: 960px) 75vw, 100vw\" \/><br><br><\/td><\/tr><tr><td><strong>\u25ba <a href=\"https:\/\/www.ramus.je\/nejlepsi\/kontakt\/marek-pivoda\/\" data-type=\"page\" data-id=\"2036\">Marek Pivoda<\/a><\/strong>: organiz\u00e1tor jemn\u00fdch a legendov\u00fdch akc\u00ed <br>&nbsp;<a href=\"mailto:marek.pivoda@ramus.je\">marek.pivoda@ramus.je<\/a><br> <br><br><\/td><td><\/td><td><\/td><td><img decoding=\"async\" src=\"https:\/\/www.ramus.je\/nejlepsi\/wp-content\/uploads\/2025\/12\/malepivo.jpg\" alt=\"\"><br><\/td><\/tr><tr><td><strong>\u25ba<a href=\"https:\/\/www.ramus.je\/nejlepsi\/kontakt\/kristyna-dobrianska-drsne-akce\/\" data-type=\"page\" data-id=\"2039\">Krist\u00fdna Dobriansk\u00e1<\/a><\/strong>: event managerka &amp; byrokratka<br><a href=\"mailto: kristyna.dobrianska@ramus.je\">kristyna.dobrianska@ramus.je<\/a>&nbsp;<br><br><br><\/td><td><\/td><td><\/td><td><img loading=\"lazy\" decoding=\"async\" width=\"60\" height=\"60\" class=\"wp-image-22778\" style=\"width: 60px;\" src=\"https:\/\/www.ramus.je\/nejlepsi\/wp-content\/uploads\/2025\/01\/kita-kopie-5-e1738595562180.png\" alt=\"\"><br><\/td><\/tr><tr><td><strong>\u25ba&nbsp;<a href=\"https:\/\/www.ramus.je\/nejlepsi\/kontakt\/agata-klimtova\/\" data-type=\"page\" data-id=\"2045\">Ag\u00e1ta Klimtov\u00e1<\/a><\/strong>: organiz\u00e1torka humr\u016f<br><a href=\"mailto:humr@ramus.je\">humr@ramus.je<\/a>&nbsp;<br><br><br><\/td><td><\/td><td><\/td><td><img loading=\"lazy\" decoding=\"async\" width=\"60\" height=\"61\" class=\"wp-image-26234\" style=\"width: 60px;\" src=\"https:\/\/www.ramus.je\/nejlepsi\/wp-content\/uploads\/2025\/10\/agy-kopie-male-jopg.jpg\" alt=\"\" srcset=\"https:\/\/www.ramus.je\/nejlepsi\/wp-content\/uploads\/2025\/10\/agy-kopie-male-jopg.jpg 236w, https:\/\/www.ramus.je\/nejlepsi\/wp-content\/uploads\/2025\/10\/agy-kopie-male-jopg-150x150.jpg 150w\" sizes=\"auto, (min-width: 960px) 75vw, 100vw\" \/><br><\/td><\/tr><tr><td><strong>\u25ba<a href=\"https:\/\/www.ramus.je\/nejlepsi\/matej-spalenka-dodavka\/\" data-type=\"page\" data-id=\"22964\">&nbsp;Mat\u011bj Sp\u00e1lenka<\/a><\/strong>: spr\u00e1vce dod\u00e1vky<br><a href=\"mailto:matej.spalenka@ramus.je\">matej.spalenka@ramus.je<\/a>&nbsp;| 724 433 841<br><br><br><\/td><td><\/td><td><\/td><td><img decoding=\"async\" style=\"width: 60px;\" src=\"https:\/\/www.ramus.je\/nejlepsi\/wp-content\/uploads\/2025\/01\/matej-kopie.png\" alt=\"\"><br><\/td><\/tr><\/tbody><\/table><\/figure>\n<\/div><\/div>\n\n\n\n<p><\/p>\n","protected":false},"excerpt":{"rendered":"<p>S\u00eddlo Ramusu:&nbsp;Ryzlinkov\u00e1 2243\/8, Praha 8, 182 00Kancl:&nbsp;Pod Sokolovnou 9\/693, Praha 4I\u010cO:&nbsp;22830065DI\u010c:&nbsp;CZ22830065\u010c\u00edslo \u00fa\u010dtu:&nbsp;2300563154\/2010\u010c\u00edslo sb\u00edrkov\u00e9ho \u00fa\u010dtu:&nbsp;2400279900\/2010Soc. s\u00edt\u011b:&nbsp;&nbsp;facebook&nbsp;&nbsp;|&nbsp;vimeo&nbsp;|&nbsp;issuu&nbsp;&nbsp;|&nbsp;instagram Provozn\u00ed skupinka Ramusu Ranec \u0161vandy o lidech Ramusu se dozv\u00edte v lev\u00e9m menu. \u25baKate\u0159ina B\u00edlkov\u00e1: \u0159editelka katerina.bilkova@ramus.je \u25ba Vali \u0160ebkov\u00e1: koordin\u00e1torka asistentstvavalerie.sebkova@ramus.je&nbsp; \u25baJulie Klime\u0161ov\u00e1: koordin\u00e1torka lid\u00ed s posti\u017een\u00edmjulie.klimesova@ramus.je \u25baLenka Markvartov\u00e1: fundraiserkalenka.markvartova@ramus.je&nbsp; \u25baJantra \u0160\u00edmov\u00e1: PRopagandistkajantra.simova@ramus.je \u25ba Marek Pivoda: organiz\u00e1tor jemn\u00fdch a &hellip; <a href=\"https:\/\/www.ramus.je\/nejlepsi\/kontakt\/\" class=\"more-link\">Continue reading<span class=\"screen-reader-text\"> &#8222;Kontakt&#8220;<\/span><\/a><\/p>\n","protected":false},"author":1,"featured_media":0,"parent":0,"menu_order":0,"comment_status":"closed","ping_status":"closed","template":"","meta":{"ngg_post_thumbnail":0,"footnotes":""},"class_list":["post-2010","page","type-page","status-publish","hentry"],"_links":{"self":[{"href":"https:\/\/www.ramus.je\/nejlepsi\/wp-json\/wp\/v2\/pages\/2010","targetHints":{"allow":["GET"]}}],"collection":[{"href":"https:\/\/www.ramus.je\/nejlepsi\/wp-json\/wp\/v2\/pages"}],"about":[{"href":"https:\/\/www.ramus.je\/nejlepsi\/wp-json\/wp\/v2\/types\/page"}],"author":[{"embeddable":true,"href":"https:\/\/www.ramus.je\/nejlepsi\/wp-json\/wp\/v2\/users\/1"}],"replies":[{"embeddable":true,"href":"https:\/\/www.ramus.je\/nejlepsi\/wp-json\/wp\/v2\/comments?post=2010"}],"version-history":[{"count":64,"href":"https:\/\/www.ramus.je\/nejlepsi\/wp-json\/wp\/v2\/pages\/2010\/revisions"}],"predecessor-version":[{"id":26922,"href":"https:\/\/www.ramus.je\/nejlepsi\/wp-json\/wp\/v2\/pages\/2010\/revisions\/26922"}],"wp:attachment":[{"href":"https:\/\/www.ramus.je\/nejlepsi\/wp-json\/wp\/v2\/media?parent=2010"}],"curies":[{"name":"wp","href":"https:\/\/api.w.org\/{rel}","templated":true}]}}