{"id":1971,"date":"2022-05-14T19:18:31","date_gmt":"2022-05-14T18:18:31","guid":{"rendered":"https:\/\/www.ramus.je\/web\/?page_id=1971"},"modified":"2022-05-14T19:18:31","modified_gmt":"2022-05-14T18:18:31","slug":"ostatni","status":"publish","type":"page","link":"https:\/\/www.ramus.je\/nejlepsi\/ostatni\/","title":{"rendered":"Ostatn\u00ed"},"content":{"rendered":"\n<p><strong>V t\u00e9to sekci najdete n\u011bkolik na\u0161ich v\u00fdstup\u016f, kter\u00fdmi jsme se sna\u017eili komunikovat na ve\u0159ejnost na\u0161e t\u00e9mata a my\u0161lenky.<\/strong><\/p>\n\n\n\n<hr class=\"wp-block-separator\"\/>\n\n\n\n<h2 class=\"wp-block-heading\">Reakce na kampa\u0148 Vodafone (2016)<\/h2>\n\n\n\n<p>Na\u0161e reakce na v\u00e1no\u010dn\u00ed kampa\u0148 Vodafone.<\/p>\n\n\n\n<figure class=\"wp-block-embed is-type-video is-provider-vimeo wp-block-embed-vimeo wp-embed-aspect-16-9 wp-has-aspect-ratio\"><div class=\"wp-block-embed__wrapper\">\n<iframe loading=\"lazy\" title=\"Ned\u011blejte z lid\u00ed na voz\u00edku fale\u0161n\u00fd soby\" src=\"https:\/\/player.vimeo.com\/video\/195094375?dnt=1&amp;app_id=122963\" width=\"720\" height=\"405\" frameborder=\"0\" allow=\"autoplay; fullscreen; picture-in-picture; clipboard-write\"><\/iframe>\n<\/div><\/figure>\n\n\n\n<hr class=\"wp-block-separator\"\/>\n\n\n\n<h2 class=\"wp-block-heading\">Debata o fundraisingu (b\u0159ezen 2015)<\/h2>\n\n\n\n<p>V b\u0159eznu 2015 jsme uspo\u0159\u00e1dali jedine\u010dnou besedu o (etice) fundraisingu neziskov\u00fdch organizac\u00ed. Cel\u00fd z\u00e1znam viz video.<\/p>\n\n\n\n<figure class=\"wp-block-embed is-type-video is-provider-vimeo wp-block-embed-vimeo\"><div class=\"wp-block-embed__wrapper\">\n<iframe loading=\"lazy\" title=\"CO NAPLAT | z\u00e1znam z panelov\u00e9 diskuze o financov\u00e1ni neziskovek (4. 3. 2015, Divadlo Archa)\" src=\"https:\/\/player.vimeo.com\/video\/122660177?dnt=1&amp;app_id=122963\" width=\"720\" height=\"576\" frameborder=\"0\" allow=\"autoplay; fullscreen; picture-in-picture; clipboard-write\"><\/iframe>\n<\/div><\/figure>\n","protected":false},"excerpt":{"rendered":"<p>V t\u00e9to sekci najdete n\u011bkolik na\u0161ich v\u00fdstup\u016f, kter\u00fdmi jsme se sna\u017eili komunikovat na ve\u0159ejnost na\u0161e t\u00e9mata a my\u0161lenky. Reakce na kampa\u0148 Vodafone (2016) Na\u0161e reakce na v\u00e1no\u010dn\u00ed kampa\u0148 Vodafone. Debata o fundraisingu (b\u0159ezen 2015) V b\u0159eznu 2015 jsme uspo\u0159\u00e1dali jedine\u010dnou besedu o (etice) fundraisingu neziskov\u00fdch organizac\u00ed. Cel\u00fd z\u00e1znam viz video.<\/p>\n","protected":false},"author":1,"featured_media":0,"parent":0,"menu_order":0,"comment_status":"closed","ping_status":"closed","template":"","meta":{"ngg_post_thumbnail":0,"footnotes":""},"class_list":["post-1971","page","type-page","status-publish","hentry"],"_links":{"self":[{"href":"https:\/\/www.ramus.je\/nejlepsi\/wp-json\/wp\/v2\/pages\/1971","targetHints":{"allow":["GET"]}}],"collection":[{"href":"https:\/\/www.ramus.je\/nejlepsi\/wp-json\/wp\/v2\/pages"}],"about":[{"href":"https:\/\/www.ramus.je\/nejlepsi\/wp-json\/wp\/v2\/types\/page"}],"author":[{"embeddable":true,"href":"https:\/\/www.ramus.je\/nejlepsi\/wp-json\/wp\/v2\/users\/1"}],"replies":[{"embeddable":true,"href":"https:\/\/www.ramus.je\/nejlepsi\/wp-json\/wp\/v2\/comments?post=1971"}],"version-history":[{"count":1,"href":"https:\/\/www.ramus.je\/nejlepsi\/wp-json\/wp\/v2\/pages\/1971\/revisions"}],"predecessor-version":[{"id":1973,"href":"https:\/\/www.ramus.je\/nejlepsi\/wp-json\/wp\/v2\/pages\/1971\/revisions\/1973"}],"wp:attachment":[{"href":"https:\/\/www.ramus.je\/nejlepsi\/wp-json\/wp\/v2\/media?parent=1971"}],"curies":[{"name":"wp","href":"https:\/\/api.w.org\/{rel}","templated":true}]}}

Ostatní

<p><strong>V této sekci najdete několik našich výstupů, kterými jsme se snažili komunikovat na veřejnost naše témata a myšlenky.</strong></p>



<hr class="wp-block-separator"/>



<h2 class="wp-block-heading">Reakce na kampaň Vodafone (2016)</h2>



<p>Naše reakce na vánoční kampaň Vodafone.</p>



<figure class="wp-block-embed is-type-video is-provider-vimeo wp-block-embed-vimeo wp-embed-aspect-16-9 wp-has-aspect-ratio"><div class="wp-block-embed__wrapper">
<iframe loading="lazy" title="Nedělejte z lidí na vozíku falešný soby" src="https://player.vimeo.com/video/195094375?dnt=1&amp;app_id=122963" width="720" height="405" frameborder="0" allow="autoplay; fullscreen; picture-in-picture; clipboard-write"></iframe>
</div></figure>



<hr class="wp-block-separator"/>



<h2 class="wp-block-heading">Debata o fundraisingu (březen 2015)</h2>



<p>V březnu 2015 jsme uspořádali jedinečnou besedu o (etice) fundraisingu neziskových organizací. Celý záznam viz video.</p>



<figure class="wp-block-embed is-type-video is-provider-vimeo wp-block-embed-vimeo"><div class="wp-block-embed__wrapper">
<iframe loading="lazy" title="CO NAPLAT | záznam z panelové diskuze o financováni neziskovek (4. 3. 2015, Divadlo Archa)" src="https://player.vimeo.com/video/122660177?dnt=1&amp;app_id=122963" width="720" height="576" frameborder="0" allow="autoplay; fullscreen; picture-in-picture; clipboard-write"></iframe>
</div></figure>

<p>V této sekci najdete několik našich výstupů, kterými jsme se snažili komunikovat na veřejnost naše témata a myšlenky. Reakce na kampaň Vodafone (2016) Naše reakce na vánoční kampaň Vodafone. Debata o fundraisingu (březen 2015) V březnu 2015 jsme uspořádali jedinečnou besedu o (etice) fundraisingu neziskových organizací. Celý záznam viz video.</p>
