{"id":1968,"date":"2022-05-14T19:17:18","date_gmt":"2022-05-14T18:17:18","guid":{"rendered":"https:\/\/www.ramus.je\/web\/?page_id=1968"},"modified":"2025-10-20T16:55:13","modified_gmt":"2025-10-20T15:55:13","slug":"ramaton","status":"publish","type":"page","link":"https:\/\/www.ramus.je\/nejlepsi\/ramaton\/","title":{"rendered":"UPLYNUL\u00c9 RO\u010cN\u00cdKY"},"content":{"rendered":"\n<div class=\"wp-block-columns are-vertically-aligned-top is-layout-flex wp-container-core-columns-is-layout-9d6595d7 wp-block-columns-is-layout-flex\">\n<div class=\"wp-block-column is-layout-flow wp-block-column-is-layout-flow\" style=\"flex-basis:100%\">\n<div class=\"wp-block-columns is-layout-flex wp-container-core-columns-is-layout-9d6595d7 wp-block-columns-is-layout-flex\">\n<div class=\"wp-block-column is-layout-flow wp-block-column-is-layout-flow\">\n<figure class=\"wp-block-image size-large\"><a href=\"https:\/\/www.ramus.je\/nejlepsi\/galerie\/fotky\/2019\/ramaton-2019-kveten\"><img loading=\"lazy\" decoding=\"async\" width=\"724\" height=\"1024\" src=\"https:\/\/www.ramus.je\/nejlepsi\/wp-content\/uploads\/2022\/06\/56811348_10158396042744447_8521305996771983360_n-724x1024.jpg\" alt=\"\" class=\"wp-image-17598\" srcset=\"https:\/\/www.ramus.je\/nejlepsi\/wp-content\/uploads\/2022\/06\/56811348_10158396042744447_8521305996771983360_n-724x1024.jpg 724w, https:\/\/www.ramus.je\/nejlepsi\/wp-content\/uploads\/2022\/06\/56811348_10158396042744447_8521305996771983360_n-212x300.jpg 212w, https:\/\/www.ramus.je\/nejlepsi\/wp-content\/uploads\/2022\/06\/56811348_10158396042744447_8521305996771983360_n-768x1086.jpg 768w, https:\/\/www.ramus.je\/nejlepsi\/wp-content\/uploads\/2022\/06\/56811348_10158396042744447_8521305996771983360_n-1086x1536.jpg 1086w, https:\/\/www.ramus.je\/nejlepsi\/wp-content\/uploads\/2022\/06\/56811348_10158396042744447_8521305996771983360_n.jpg 1240w\" sizes=\"auto, (min-width: 960px) 75vw, 100vw\" \/><\/a><figcaption class=\"wp-element-caption\"><a href=\"https:\/\/www.ramus.je\/nejlepsi\/galerie\/fotky\/2019\/ramaton-2019-kveten\"><strong>2019<\/strong><\/a><\/figcaption><\/figure>\n<\/div>\n\n\n\n<div class=\"wp-block-column is-layout-flow wp-block-column-is-layout-flow\">\n<figure class=\"wp-block-image size-large\"><a href=\"https:\/\/www.ramus.je\/nejlepsi\/galerie\/fotky\/2018\/ramaton-2018-kveten-18\"><img loading=\"lazy\" decoding=\"async\" width=\"727\" height=\"1024\" src=\"https:\/\/www.ramus.je\/nejlepsi\/wp-content\/uploads\/2022\/06\/31199680_10157407241684447_7711701491790118912_n-2-727x1024.png\" alt=\"\" class=\"wp-image-17605\" srcset=\"https:\/\/www.ramus.je\/nejlepsi\/wp-content\/uploads\/2022\/06\/31199680_10157407241684447_7711701491790118912_n-2-727x1024.png 727w, https:\/\/www.ramus.je\/nejlepsi\/wp-content\/uploads\/2022\/06\/31199680_10157407241684447_7711701491790118912_n-2-213x300.png 213w, https:\/\/www.ramus.je\/nejlepsi\/wp-content\/uploads\/2022\/06\/31199680_10157407241684447_7711701491790118912_n-2-768x1082.png 768w, https:\/\/www.ramus.je\/nejlepsi\/wp-content\/uploads\/2022\/06\/31199680_10157407241684447_7711701491790118912_n-2.png 900w\" sizes=\"auto, (min-width: 960px) 75vw, 100vw\" \/><\/a><figcaption class=\"wp-element-caption\"><strong><a href=\"https:\/\/www.ramus.je\/nejlepsi\/galerie\/fotky\/2018\/ramaton-2018-kveten-18\">2018<\/a><\/strong><\/figcaption><\/figure>\n<\/div>\n\n\n\n<div class=\"wp-block-column is-layout-flow wp-block-column-is-layout-flow\">\n<figure class=\"wp-block-image size-large\"><a href=\"https:\/\/www.ramus.je\/nejlepsi\/galerie\/fotky\/2017\/ramaton-17-kveten-17\"><img loading=\"lazy\" decoding=\"async\" width=\"724\" height=\"1024\" src=\"https:\/\/www.ramus.je\/nejlepsi\/wp-content\/uploads\/2022\/06\/RAMATON_2017_FINAL-1-724x1024.jpg\" alt=\"\" class=\"wp-image-17600\" srcset=\"https:\/\/www.ramus.je\/nejlepsi\/wp-content\/uploads\/2022\/06\/RAMATON_2017_FINAL-1-724x1024.jpg 724w, https:\/\/www.ramus.je\/nejlepsi\/wp-content\/uploads\/2022\/06\/RAMATON_2017_FINAL-1-212x300.jpg 212w, https:\/\/www.ramus.je\/nejlepsi\/wp-content\/uploads\/2022\/06\/RAMATON_2017_FINAL-1-768x1086.jpg 768w, https:\/\/www.ramus.je\/nejlepsi\/wp-content\/uploads\/2022\/06\/RAMATON_2017_FINAL-1.jpg 900w\" sizes=\"auto, (min-width: 960px) 75vw, 100vw\" \/><\/a><figcaption class=\"wp-element-caption\"><strong><a href=\"https:\/\/www.ramus.je\/nejlepsi\/galerie\/fotky\/2017\/ramaton-17-kveten-17\">2017<\/a><\/strong><\/figcaption><\/figure>\n<\/div>\n\n\n\n<div class=\"wp-block-column is-layout-flow wp-block-column-is-layout-flow\">\n<figure class=\"wp-block-image size-full\"><a href=\"https:\/\/www.ramus.je\/nejlepsi\/galerie\/fotky\/2016\/ramaton-cerven-16\"><img loading=\"lazy\" decoding=\"async\" width=\"189\" height=\"267\" src=\"https:\/\/www.ramus.je\/nejlepsi\/wp-content\/uploads\/2022\/06\/stazeny-soubor-2.jpg\" alt=\"\" class=\"wp-image-17607\"\/><\/a><figcaption class=\"wp-element-caption\"><a href=\"https:\/\/www.ramus.je\/nejlepsi\/galerie\/fotky\/2016\/ramaton-cerven-16\"><strong>2016<\/strong><\/a><\/figcaption><\/figure>\n<\/div>\n\n\n\n<div class=\"wp-block-column is-layout-flow wp-block-column-is-layout-flow\">\n<figure class=\"wp-block-image size-full\"><a href=\"https:\/\/www.ramus.je\/nejlepsi\/galerie\/fotky\/2015\/ramaton-2015-cerven-15\"><img loading=\"lazy\" decoding=\"async\" width=\"500\" height=\"707\" src=\"https:\/\/www.ramus.je\/nejlepsi\/wp-content\/uploads\/2022\/06\/ramaton_2015-1.jpg\" alt=\"\" class=\"wp-image-17599\" srcset=\"https:\/\/www.ramus.je\/nejlepsi\/wp-content\/uploads\/2022\/06\/ramaton_2015-1.jpg 500w, https:\/\/www.ramus.je\/nejlepsi\/wp-content\/uploads\/2022\/06\/ramaton_2015-1-212x300.jpg 212w\" sizes=\"auto, (min-width: 960px) 75vw, 100vw\" \/><\/a><figcaption class=\"wp-element-caption\"><strong><a href=\"https:\/\/www.ramus.je\/nejlepsi\/galerie\/fotky\/2015\/ramaton-2015-cerven-15\">2015<\/a><\/strong><\/figcaption><\/figure>\n<\/div>\n\n\n\n<div class=\"wp-block-column is-layout-flow wp-block-column-is-layout-flow\">\n<figure class=\"wp-block-image size-full\"><a href=\"https:\/\/www.ramus.je\/nejlepsi\/galerie\/fotky\/2014\/ramaton-2014-cerven-14\"><img loading=\"lazy\" decoding=\"async\" width=\"600\" height=\"849\" src=\"https:\/\/www.ramus.je\/nejlepsi\/wp-content\/uploads\/2022\/06\/10341985_10152868535754447_8989216016337941975_n-1.jpg\" alt=\"\" class=\"wp-image-17597\" srcset=\"https:\/\/www.ramus.je\/nejlepsi\/wp-content\/uploads\/2022\/06\/10341985_10152868535754447_8989216016337941975_n-1.jpg 600w, https:\/\/www.ramus.je\/nejlepsi\/wp-content\/uploads\/2022\/06\/10341985_10152868535754447_8989216016337941975_n-1-212x300.jpg 212w\" sizes=\"auto, (min-width: 960px) 75vw, 100vw\" \/><\/a><figcaption class=\"wp-element-caption\"><strong><a href=\"https:\/\/www.ramus.je\/nejlepsi\/galerie\/fotky\/2014\/ramaton-2014-cerven-14\">2014<\/a><\/strong><\/figcaption><\/figure>\n<\/div>\n\n\n\n<div class=\"wp-block-column is-layout-flow wp-block-column-is-layout-flow\">\n<figure class=\"wp-block-image size-full is-resized\"><a href=\"https:\/\/www.ramus.je\/nejlepsi\/galerie\/fotky\/2013\/ramaton-duben-13\"><img loading=\"lazy\" decoding=\"async\" width=\"495\" height=\"781\" src=\"https:\/\/www.ramus.je\/nejlepsi\/wp-content\/uploads\/2022\/06\/ramaton_plakat__1365503911-2.jpg\" alt=\"\" class=\"wp-image-17606\" style=\"width:101px;height:158px\" srcset=\"https:\/\/www.ramus.je\/nejlepsi\/wp-content\/uploads\/2022\/06\/ramaton_plakat__1365503911-2.jpg 495w, https:\/\/www.ramus.je\/nejlepsi\/wp-content\/uploads\/2022\/06\/ramaton_plakat__1365503911-2-190x300.jpg 190w\" sizes=\"auto, (min-width: 960px) 75vw, 100vw\" \/><\/a><figcaption class=\"wp-element-caption\"><strong><a href=\"https:\/\/www.ramus.je\/nejlepsi\/galerie\/fotky\/2013\/ramaton-duben-13\">2013<\/a><\/strong><\/figcaption><\/figure>\n<\/div>\n<\/div>\n<\/div>\n<\/div>\n\n\n\n<p><strong>RAMATON<\/strong> zat\u00edm dob\u011bhl a odpo\u010d\u00edv\u00e1 na lavi\u010dce. Pokud by se na\u0161el n\u011bkdo, kdo by ho cht\u011bl znovu rozproudit nebo si vymyslel jinou ramus\u00ed aktivitu, pros\u00edm, ozvi se na\u0161\u00ed event mana\u017eerce <a href=\"https:\/\/www.ramus.je\/nejlepsi\/kontakt\/kristyna-dobrianska-drsne-akce\/\" data-type=\"page\" data-id=\"2039\"><strong>Krist\u00fdn\u011b Dobriansk\u00e9.<\/strong><\/a><\/p>\n","protected":false},"excerpt":{"rendered":"<p>RAMATON zat\u00edm dob\u011bhl a odpo\u010d\u00edv\u00e1 na lavi\u010dce. Pokud by se na\u0161el n\u011bkdo, kdo by ho cht\u011bl znovu rozproudit nebo si vymyslel jinou ramus\u00ed aktivitu, pros\u00edm, ozvi se na\u0161\u00ed event mana\u017eerce Krist\u00fdn\u011b Dobriansk\u00e9.<\/p>\n","protected":false},"author":1,"featured_media":0,"parent":0,"menu_order":0,"comment_status":"closed","ping_status":"closed","template":"","meta":{"ngg_post_thumbnail":0,"footnotes":""},"class_list":["post-1968","page","type-page","status-publish","hentry"],"_links":{"self":[{"href":"https:\/\/www.ramus.je\/nejlepsi\/wp-json\/wp\/v2\/pages\/1968","targetHints":{"allow":["GET"]}}],"collection":[{"href":"https:\/\/www.ramus.je\/nejlepsi\/wp-json\/wp\/v2\/pages"}],"about":[{"href":"https:\/\/www.ramus.je\/nejlepsi\/wp-json\/wp\/v2\/types\/page"}],"author":[{"embeddable":true,"href":"https:\/\/www.ramus.je\/nejlepsi\/wp-json\/wp\/v2\/users\/1"}],"replies":[{"embeddable":true,"href":"https:\/\/www.ramus.je\/nejlepsi\/wp-json\/wp\/v2\/comments?post=1968"}],"version-history":[{"count":10,"href":"https:\/\/www.ramus.je\/nejlepsi\/wp-json\/wp\/v2\/pages\/1968\/revisions"}],"predecessor-version":[{"id":26363,"href":"https:\/\/www.ramus.je\/nejlepsi\/wp-json\/wp\/v2\/pages\/1968\/revisions\/26363"}],"wp:attachment":[{"href":"https:\/\/www.ramus.je\/nejlepsi\/wp-json\/wp\/v2\/media?parent=1968"}],"curies":[{"name":"wp","href":"https:\/\/api.w.org\/{rel}","templated":true}]}}