{"id":1964,"date":"2022-05-14T19:10:10","date_gmt":"2022-05-14T18:10:10","guid":{"rendered":"https:\/\/www.ramus.je\/web\/?page_id=1964"},"modified":"2022-06-28T22:52:46","modified_gmt":"2022-06-28T21:52:46","slug":"roadtripy","status":"publish","type":"page","link":"https:\/\/www.ramus.je\/nejlepsi\/aktivita\/roadtripy\/","title":{"rendered":"Roadtripy"},"content":{"rendered":"\n<p><strong>Projekt roadtrip\u016f se zrodil v na\u0161ich hlav\u00e1ch nedlouho pot\u00e9, co jsme si obstarali dod\u00e1vku. Vize je takov\u00e1, \u017ee dev\u00edti\u010dlenn\u00e1 pos\u00e1dka s posti\u017een\u00edm i bez n\u011bj vyraz\u00ed za hranice \u010cR a pozn\u00e1 nepoznan\u00e9.<\/strong><\/p>\n\n\n<div class=\"wp-block-image\">\n<figure class=\"aligncenter size-large is-resized\"><img decoding=\"async\" src=\"https:\/\/www.ramus.je\/nejlepsi\/wp-content\/uploads\/2022\/06\/roadt-1024x701.jpg\" alt=\"\" class=\"wp-image-17595\" width=\"-523\" height=\"-358\" srcset=\"https:\/\/www.ramus.je\/nejlepsi\/wp-content\/uploads\/2022\/06\/roadt-1024x701.jpg 1024w, https:\/\/www.ramus.je\/nejlepsi\/wp-content\/uploads\/2022\/06\/roadt-300x205.jpg 300w, https:\/\/www.ramus.je\/nejlepsi\/wp-content\/uploads\/2022\/06\/roadt-768x525.jpg 768w, https:\/\/www.ramus.je\/nejlepsi\/wp-content\/uploads\/2022\/06\/roadt-1536x1051.jpg 1536w, https:\/\/www.ramus.je\/nejlepsi\/wp-content\/uploads\/2022\/06\/roadt.jpg 1754w\" sizes=\"(min-width: 960px) 75vw, 100vw\" \/><\/figure>\n<\/div>\n\n\n<hr class=\"wp-block-separator has-css-opacity\"\/>\n\n\n\n<h2 class=\"wp-block-heading\">Kde u\u017e jsme v\u0161ude byli<\/h2>\n\n\n\n<p>U\u017e se uskute\u010dnilo osm roadtrip\u016f:<br><br>\u25ba <a href=\"https:\/\/www.ramus.je\/nejlepsi\/galerie\/fotky\/2021\/drsna-budapest-rijen21\">ROADTRIP \u0158\u00cdJEN 2021: vlakem do Budape\u0161ti \/ galerie<\/a><\/p>\n\n\n\n<p>\u25ba\u00a0<a href=\"https:\/\/www.ramus.je\/nejlepsi\/galerie\/fotky\/2019\/kazachstan-trip-duben-2019\">ROADTRIP DUBEN 2019: Kazachst\u00e1n \/ galerie<\/a><br><br>\u25ba\u00a0<a href=\"https:\/\/www.ramus.je\/nejlepsi\/galerie\/fotky\/2018\/nejen-makedonie-kveten-18\">ROADTRIP KV\u011aTEN 2018: Makedonie a tak \/ galerie<\/a><\/p>\n\n\n\n<p>\u25ba\u00a0<a href=\"https:\/\/www.ramus.je\/nejlepsi\/galerie\/fotky\/2017\/italsky-roadtrip-kveten-17\">ROADTRIP KV\u011aTEN 2017: It\u00e1lie \/ galerie + den\u00edk<\/a><\/p>\n\n\n\n<p>\u25ba&nbsp;<a href=\"http:\/\/bit.ly\/2rq5WYh\">ROADTRIP Z\u00c1\u0158\u00cd 2016: Polsko \/ film<\/a><\/p>\n\n\n\n<p>\u25ba\u00a0<a href=\"https:\/\/www.ramus.je\/nejlepsi\/galerie\/fotky\/2016\/roadtrip-severni-kveten-16\">ROADTRIP KV\u011aTEN 2016: sever \/ galerie + den\u00edk<\/a><\/p>\n\n\n\n<p>\u25ba\u00a0<a href=\"https:\/\/www.ramus.je\/nejlepsi\/galerie\/fotky\/2015\/roadtrip-kveten-15\">ROADTRIP KV\u011aTEN 2015: Balk\u00e1n \/ galerie<\/a><\/p>\n\n\n\n<p>\u25ba\u00a0<a href=\"https:\/\/www.ramus.je\/nejlepsi\/galerie\/fotky\/2013\/prvni-roadtrip-cervenec-13\">ROADTRIP \u010cERVENEC 2013: Pa\u0159\u00ed\u017e, Amsterdam \/ galerie<\/a><\/p>\n","protected":false},"excerpt":{"rendered":"<p>Projekt roadtrip\u016f se zrodil v na\u0161ich hlav\u00e1ch nedlouho pot\u00e9, co jsme si obstarali dod\u00e1vku. Vize je takov\u00e1, \u017ee dev\u00edti\u010dlenn\u00e1 pos\u00e1dka s posti\u017een\u00edm i bez n\u011bj vyraz\u00ed za hranice \u010cR a pozn\u00e1 nepoznan\u00e9. Kde u\u017e jsme v\u0161ude byli U\u017e se uskute\u010dnilo osm roadtrip\u016f: \u25ba ROADTRIP \u0158\u00cdJEN 2021: vlakem do Budape\u0161ti \/ galerie \u25ba\u00a0ROADTRIP DUBEN 2019: Kazachst\u00e1n &hellip; <a href=\"https:\/\/www.ramus.je\/nejlepsi\/aktivita\/roadtripy\/\" class=\"more-link\">Continue reading<span class=\"screen-reader-text\"> &#8222;Roadtripy&#8220;<\/span><\/a><\/p>\n","protected":false},"author":1,"featured_media":0,"parent":1924,"menu_order":0,"comment_status":"closed","ping_status":"closed","template":"","meta":{"ngg_post_thumbnail":0,"footnotes":""},"class_list":["post-1964","page","type-page","status-publish","hentry"],"_links":{"self":[{"href":"https:\/\/www.ramus.je\/nejlepsi\/wp-json\/wp\/v2\/pages\/1964","targetHints":{"allow":["GET"]}}],"collection":[{"href":"https:\/\/www.ramus.je\/nejlepsi\/wp-json\/wp\/v2\/pages"}],"about":[{"href":"https:\/\/www.ramus.je\/nejlepsi\/wp-json\/wp\/v2\/types\/page"}],"author":[{"embeddable":true,"href":"https:\/\/www.ramus.je\/nejlepsi\/wp-json\/wp\/v2\/users\/1"}],"replies":[{"embeddable":true,"href":"https:\/\/www.ramus.je\/nejlepsi\/wp-json\/wp\/v2\/comments?post=1964"}],"version-history":[{"count":5,"href":"https:\/\/www.ramus.je\/nejlepsi\/wp-json\/wp\/v2\/pages\/1964\/revisions"}],"predecessor-version":[{"id":17596,"href":"https:\/\/www.ramus.je\/nejlepsi\/wp-json\/wp\/v2\/pages\/1964\/revisions\/17596"}],"up":[{"embeddable":true,"href":"https:\/\/www.ramus.je\/nejlepsi\/wp-json\/wp\/v2\/pages\/1924"}],"wp:attachment":[{"href":"https:\/\/www.ramus.je\/nejlepsi\/wp-json\/wp\/v2\/media?parent=1964"}],"curies":[{"name":"wp","href":"https:\/\/api.w.org\/{rel}","templated":true}]}}

<p><strong>Projekt roadtripů se zrodil v našich hlavách nedlouho poté, co jsme si obstarali dodávku. Vize je taková, že devítičlenná posádka s postižením i bez něj vyrazí za hranice ČR a pozná nepoznané.</strong></p>


<div class="wp-block-image">
<figure class="aligncenter size-large is-resized"><img decoding="async" src="https://www.ramus.je/nejlepsi/wp-content/uploads/2022/06/roadt-1024x701.jpg" alt="" class="wp-image-17595" width="-523" height="-358" srcset="https://www.ramus.je/nejlepsi/wp-content/uploads/2022/06/roadt-1024x701.jpg 1024w, https://www.ramus.je/nejlepsi/wp-content/uploads/2022/06/roadt-300x205.jpg 300w, https://www.ramus.je/nejlepsi/wp-content/uploads/2022/06/roadt-768x525.jpg 768w, https://www.ramus.je/nejlepsi/wp-content/uploads/2022/06/roadt-1536x1051.jpg 1536w, https://www.ramus.je/nejlepsi/wp-content/uploads/2022/06/roadt.jpg 1754w" sizes="(min-width: 960px) 75vw, 100vw" /></figure>
</div>


<hr class="wp-block-separator has-css-opacity"/>



<h2 class="wp-block-heading">Kde už jsme všude byli</h2>



<p>Už se uskutečnilo osm roadtripů:<br><br>► <a href="https://www.ramus.je/nejlepsi/galerie/fotky/2021/drsna-budapest-rijen21">ROADTRIP ŘÍJEN 2021: vlakem do Budapešti / galerie</a></p>



<p>► <a href="https://www.ramus.je/nejlepsi/galerie/fotky/2019/kazachstan-trip-duben-2019">ROADTRIP DUBEN 2019: Kazachstán / galerie</a><br><br>► <a href="https://www.ramus.je/nejlepsi/galerie/fotky/2018/nejen-makedonie-kveten-18">ROADTRIP KVĚTEN 2018: Makedonie a tak / galerie</a></p>



<p>► <a href="https://www.ramus.je/nejlepsi/galerie/fotky/2017/italsky-roadtrip-kveten-17">ROADTRIP KVĚTEN 2017: Itálie / galerie + deník</a></p>



<p>►&nbsp;<a href="http://bit.ly/2rq5WYh">ROADTRIP ZÁŘÍ 2016: Polsko / film</a></p>



<p>► <a href="https://www.ramus.je/nejlepsi/galerie/fotky/2016/roadtrip-severni-kveten-16">ROADTRIP KVĚTEN 2016: sever / galerie + deník</a></p>



<p>► <a href="https://www.ramus.je/nejlepsi/galerie/fotky/2015/roadtrip-kveten-15">ROADTRIP KVĚTEN 2015: Balkán / galerie</a></p>



<p>► <a href="https://www.ramus.je/nejlepsi/galerie/fotky/2013/prvni-roadtrip-cervenec-13">ROADTRIP ČERVENEC 2013: Paříž, Amsterdam / galerie</a></p>

<p>Projekt roadtripů se zrodil v našich hlavách nedlouho poté, co jsme si obstarali dodávku. Vize je taková, že devítičlenná posádka s postižením i bez něj vyrazí za hranice ČR a pozná nepoznané. Kde už jsme všude byli Už se uskutečnilo osm roadtripů: ► ROADTRIP ŘÍJEN 2021: vlakem do Budapešti / galerie ► ROADTRIP DUBEN 2019: Kazachstán &hellip; <a href="https://www.ramus.je/nejlepsi/aktivita/roadtripy/" class="more-link">Continue reading<span class="screen-reader-text"> &#8222;Roadtripy&#8220;</span></a></p>
