{"id":1955,"date":"2022-05-14T19:06:07","date_gmt":"2022-05-14T18:06:07","guid":{"rendered":"https:\/\/www.ramus.je\/web\/?page_id=1955"},"modified":"2025-10-20T16:44:54","modified_gmt":"2025-10-20T15:44:54","slug":"humr","status":"publish","type":"page","link":"https:\/\/www.ramus.je\/nejlepsi\/aktivita\/humr\/","title":{"rendered":"Humr"},"content":{"rendered":"<div class=\"wp-block-image\">\n<figure class=\"alignright size-full is-resized\"><img loading=\"lazy\" decoding=\"async\" width=\"960\" height=\"720\" src=\"https:\/\/www.ramus.je\/nejlepsi\/wp-content\/uploads\/2022\/06\/humrr.jpg\" alt=\"\" class=\"wp-image-17576\" style=\"width:-316px;height:-236px\" srcset=\"https:\/\/www.ramus.je\/nejlepsi\/wp-content\/uploads\/2022\/06\/humrr.jpg 960w, https:\/\/www.ramus.je\/nejlepsi\/wp-content\/uploads\/2022\/06\/humrr-300x225.jpg 300w, https:\/\/www.ramus.je\/nejlepsi\/wp-content\/uploads\/2022\/06\/humrr-768x576.jpg 768w\" sizes=\"auto, (min-width: 960px) 75vw, 100vw\" \/><\/figure>\n<\/div>\n\n\n<p><strong>Humr slou\u017e\u00ed k pravideln\u00e9mu setk\u00e1v\u00e1n\u00ed mlad\u00fdch lid\u00ed s posti\u017een\u00edm i bez n\u011bj z \u0159ad Ramusu, ale i mimo n\u011bj. Humr se odehr\u00e1v\u00e1 v Praze a je bezbari\u00e9rov\u00fd.<\/strong><\/p>\n\n\n\n<p><strong>\u25ba JAK HUMR FUNGUJE?<\/strong><br>V\u017edy ke konci m\u011bs\u00edce v\u00e1m z e-mailu&nbsp;<a href=\"mailto:humr@ramus.je\">humr@ramus.je<\/a>&nbsp;p\u0159ijde pl\u00e1n akc\u00ed na m\u011bs\u00edc n\u00e1sleduj\u00edc\u00ed. Dle po\u010dtu p\u0159ihl\u00e1\u0161en\u00fdch je na ka\u017edou akci zaji\u0161t\u011bn adekv\u00e1tn\u00ed po\u010det zku\u0161en\u00fdch ramus\u00edch asistentek a asistent\u016f. Nejste v hum\u0159\u00ed datab\u00e1zi?&nbsp;<a href=\"https:\/\/www.ramus.je\/nejlepsi\/zapojit-se\/\" data-type=\"page\">Zapojte se.<\/a>&nbsp;Doprovody na a z Humr\u016f nezaji\u0161\u0165ujeme, nen\u00ed to v na\u0161ich sil\u00e1ch. D\u00edky za pochopen\u00ed.<\/p>\n\n\n\n<p><strong>\u25ba&nbsp;JAK SE P\u0158IHL\u00c1SIT?<\/strong><\/p>\n\n\n\n<p>P\u0159ihl\u00e1sit se a v\u00edce informac\u00ed z\u00edskat m\u016f\u017eete na e-mailu\u00a0<a href=\"mailto:humr@ramus.je\">humr@ramus.je<\/a>. Hum\u0159\u00ed aktivity aktu\u00e1ln\u011b koordinuje\u00a0<strong><a href=\"https:\/\/www.ramus.je\/nejlepsi\/kontakt\/agata-klimtova\/\" data-type=\"page\" data-id=\"2045\">Ag\u00e1ta Klimtov\u00e1<\/a><\/strong>.<\/p>\n\n\n\n<hr class=\"wp-block-separator has-css-opacity\"\/>\n\n\n\n<h2 class=\"wp-block-heading\">Aktu\u00e1ln\u00ed HUMRy<\/h2>\n\n\n\n<p>Aktu\u00e1ln\u00ed Humry naleznete&nbsp;<a href=\"https:\/\/www.ramus.je\/nejlepsi\/plan-akci\/\" data-type=\"page\"><strong>v pl\u00e1nu akc\u00ed<\/strong>.<\/a><br><br>V\u00edce info o srazu a rozchodu a p\u0159ihl\u00e1\u0161en\u00ed na&nbsp;<strong><a href=\"mailto:humr@ramus.je\">humr@ramus.je<\/a><\/strong>.<\/p>\n\n\n\n<hr class=\"wp-block-separator has-css-opacity\"\/>\n\n\n\n<h2 class=\"wp-block-heading\">A jak to m\u016f\u017ee vypadat na HUMRu?<\/h2>\n\n\n\n<p>P\u00e1r odkaz\u016f na galerie:<\/p>\n\n\n\n<p><a href=\"https:\/\/www.ramus.je\/nejlepsi\/galerie\/fotky\/2024\/narozeninovy-humr-eli-duben-24\">ELI NAROZENINOV\u00dd HUMR \/ DUBEN 24<\/a><\/p>\n\n\n\n<p><a href=\"https:\/\/www.ramus.je\/nejlepsi\/galerie\/fotky\/2023\/humr-v-galerii-duben-2023\">HUMR V GALERII\/ DUBEN 23<\/a><br><br><a href=\"https:\/\/www.ramus.je\/nejlepsi\/galerie\/fotky\/2022\/humr-zoo-duben\">HUMR V ZOO \/DUBEN 22\/<\/a><br><br><a href=\"https:\/\/www.ramus.je\/nejlepsi\/galerie\/fotky\/2021\/humr-ve-zdibech-listopad21\">HUMR VE ZDIBECH \/LISTOPAD 21\/<\/a><\/p>\n\n\n\n<p><a href=\"https:\/\/www.ramus.je\/nejlepsi\/galerie\/fotky\/2019\/humr-mix-19\">HUMR MIX \/19\/<\/a><\/p>\n\n\n\n<p><a href=\"http:\/\/www.ramus.je\/nejlepsi\/index.php\/archiv\/galerie\/category\/222-dj-humr-prosinec-18\">DJ HUMR \/PROSINEC 18\/<\/a><\/p>\n\n\n\n<p><\/p>\n\n\n\n<p><\/p>\n","protected":false},"excerpt":{"rendered":"<p>Humr slou\u017e\u00ed k pravideln\u00e9mu setk\u00e1v\u00e1n\u00ed mlad\u00fdch lid\u00ed s posti\u017een\u00edm i bez n\u011bj z \u0159ad Ramusu, ale i mimo n\u011bj. Humr se odehr\u00e1v\u00e1 v Praze a je bezbari\u00e9rov\u00fd. \u25ba JAK HUMR FUNGUJE?V\u017edy ke konci m\u011bs\u00edce v\u00e1m z e-mailu&nbsp;humr@ramus.je&nbsp;p\u0159ijde pl\u00e1n akc\u00ed na m\u011bs\u00edc n\u00e1sleduj\u00edc\u00ed. Dle po\u010dtu p\u0159ihl\u00e1\u0161en\u00fdch je na ka\u017edou akci zaji\u0161t\u011bn adekv\u00e1tn\u00ed po\u010det zku\u0161en\u00fdch ramus\u00edch asistentek &hellip; <a href=\"https:\/\/www.ramus.je\/nejlepsi\/aktivita\/humr\/\" class=\"more-link\">Continue reading<span class=\"screen-reader-text\"> &#8222;Humr&#8220;<\/span><\/a><\/p>\n","protected":false},"author":1,"featured_media":0,"parent":1924,"menu_order":0,"comment_status":"closed","ping_status":"closed","template":"","meta":{"ngg_post_thumbnail":0,"footnotes":""},"class_list":["post-1955","page","type-page","status-publish","hentry"],"_links":{"self":[{"href":"https:\/\/www.ramus.je\/nejlepsi\/wp-json\/wp\/v2\/pages\/1955","targetHints":{"allow":["GET"]}}],"collection":[{"href":"https:\/\/www.ramus.je\/nejlepsi\/wp-json\/wp\/v2\/pages"}],"about":[{"href":"https:\/\/www.ramus.je\/nejlepsi\/wp-json\/wp\/v2\/types\/page"}],"author":[{"embeddable":true,"href":"https:\/\/www.ramus.je\/nejlepsi\/wp-json\/wp\/v2\/users\/1"}],"replies":[{"embeddable":true,"href":"https:\/\/www.ramus.je\/nejlepsi\/wp-json\/wp\/v2\/comments?post=1955"}],"version-history":[{"count":9,"href":"https:\/\/www.ramus.je\/nejlepsi\/wp-json\/wp\/v2\/pages\/1955\/revisions"}],"predecessor-version":[{"id":26360,"href":"https:\/\/www.ramus.je\/nejlepsi\/wp-json\/wp\/v2\/pages\/1955\/revisions\/26360"}],"up":[{"embeddable":true,"href":"https:\/\/www.ramus.je\/nejlepsi\/wp-json\/wp\/v2\/pages\/1924"}],"wp:attachment":[{"href":"https:\/\/www.ramus.je\/nejlepsi\/wp-json\/wp\/v2\/media?parent=1955"}],"curies":[{"name":"wp","href":"https:\/\/api.w.org\/{rel}","templated":true}]}}