{"id":1944,"date":"2022-05-13T16:39:56","date_gmt":"2022-05-13T15:39:56","guid":{"rendered":"https:\/\/www.ramus.je\/web\/?page_id=1944"},"modified":"2024-12-15T00:37:58","modified_gmt":"2024-12-14T23:37:58","slug":"pruhledny","status":"publish","type":"page","link":"https:\/\/www.ramus.je\/nejlepsi\/pruhledny\/","title":{"rendered":"Pr\u016fhledn\u00fd"},"content":{"rendered":"\n<div class=\"wp-block-columns is-layout-flex wp-container-core-columns-is-layout-9d6595d7 wp-block-columns-is-layout-flex\">\n<div class=\"wp-block-column is-layout-flow wp-block-column-is-layout-flow\" style=\"flex-basis:66.66%\">\n<p><strong>V Ramusu se sna\u017e\u00edme b\u00fdt transparentn\u00ed, jak jen to jde, proto\u017ee v\u00edme, \u017ee jinak to nejde.<br><br>Co se d\u011blo loni \u010di p\u0159edloni se do\u010dtete ve <a href=\"https:\/\/www.ramus.je\/nejlepsi\/pruhledny\/vyrocni-zpravy\/\" data-type=\"page\">v\u00fdro\u010dn\u00edch zpr\u00e1v\u00e1ch<\/a>. P\u0159edev\u0161\u00edm se v\u0161ak m\u016f\u017eete pokochat na\u0161\u00ed z\u00e1sadn\u00ed chloubou,\u00a0<a href=\"https:\/\/www.ramus.je\/nejlepsi\/pruhledny\/ucetnictvi\/\" data-type=\"page\">nepravideln\u00fdm z\u00fa\u010dtov\u00e1n\u00edm<\/a>. A m\u00e1me i\u00a0<a href=\"https:\/\/www.ramus.je\/nejlepsi\/pruhledny\/kontrolni-komise\/\" data-type=\"page\" data-id=\"1999\">kontroln\u00ed komisi<\/a>!<\/strong><br><br><strong>Pokud by v\u00e1s zaj\u00edmalo, co zrovna \u0159e\u0161\u00ed provozn\u00ed skupina, kontaktujte <\/strong><a href=\"https:\/\/www.ramus.je\/nejlepsi\/kontakt\/kaca-kozakova\/\"><strong>Jantru<\/strong><\/a><strong>, kter\u00e1 v\u00e1m m\u016f\u017ee poskytnout z\u00e1pisy z porad. Po domluv\u011b se na poradu m\u016f\u017eete p\u0159ij\u00edt i pod\u00edvat osobn\u011b.<a href=\"https:\/\/www.ramus.je\/nejlepsi\/index.php\/pruhledny\/porady\"><\/a><\/strong><\/p>\n\n\n\n<p><strong>Jo a samoz\u0159ejm\u011b, tady jsou&nbsp;<a href=\"https:\/\/www.ramus.je\/dok\/ramus_stanovy_072015.pdf\">stanovy Ramusu<\/a>.<\/strong><\/p>\n<\/div>\n\n\n\n<div class=\"wp-block-column is-layout-flow wp-block-column-is-layout-flow\" style=\"flex-basis:33.33%\">\n<figure class=\"wp-block-image\"><img decoding=\"async\" src=\"https:\/\/www.ramus.je\/img\/pruhledny\/chaos.jpg\" alt=\"alt\"\/><\/figure>\n<\/div>\n<\/div>\n","protected":false},"excerpt":{"rendered":"<p>V Ramusu se sna\u017e\u00edme b\u00fdt transparentn\u00ed, jak jen to jde, proto\u017ee v\u00edme, \u017ee jinak to nejde. Co se d\u011blo loni \u010di p\u0159edloni se do\u010dtete ve v\u00fdro\u010dn\u00edch zpr\u00e1v\u00e1ch. P\u0159edev\u0161\u00edm se v\u0161ak m\u016f\u017eete pokochat na\u0161\u00ed z\u00e1sadn\u00ed chloubou,\u00a0nepravideln\u00fdm z\u00fa\u010dtov\u00e1n\u00edm. A m\u00e1me i\u00a0kontroln\u00ed komisi! Pokud by v\u00e1s zaj\u00edmalo, co zrovna \u0159e\u0161\u00ed provozn\u00ed skupina, kontaktujte Jantru, kter\u00e1 v\u00e1m m\u016f\u017ee poskytnout &hellip; <a href=\"https:\/\/www.ramus.je\/nejlepsi\/pruhledny\/\" class=\"more-link\">Continue reading<span class=\"screen-reader-text\"> &#8222;Pr\u016fhledn\u00fd&#8220;<\/span><\/a><\/p>\n","protected":false},"author":1,"featured_media":0,"parent":0,"menu_order":0,"comment_status":"closed","ping_status":"closed","template":"","meta":{"ngg_post_thumbnail":0,"footnotes":""},"class_list":["post-1944","page","type-page","status-publish","hentry"],"_links":{"self":[{"href":"https:\/\/www.ramus.je\/nejlepsi\/wp-json\/wp\/v2\/pages\/1944","targetHints":{"allow":["GET"]}}],"collection":[{"href":"https:\/\/www.ramus.je\/nejlepsi\/wp-json\/wp\/v2\/pages"}],"about":[{"href":"https:\/\/www.ramus.je\/nejlepsi\/wp-json\/wp\/v2\/types\/page"}],"author":[{"embeddable":true,"href":"https:\/\/www.ramus.je\/nejlepsi\/wp-json\/wp\/v2\/users\/1"}],"replies":[{"embeddable":true,"href":"https:\/\/www.ramus.je\/nejlepsi\/wp-json\/wp\/v2\/comments?post=1944"}],"version-history":[{"count":5,"href":"https:\/\/www.ramus.je\/nejlepsi\/wp-json\/wp\/v2\/pages\/1944\/revisions"}],"predecessor-version":[{"id":22721,"href":"https:\/\/www.ramus.je\/nejlepsi\/wp-json\/wp\/v2\/pages\/1944\/revisions\/22721"}],"wp:attachment":[{"href":"https:\/\/www.ramus.je\/nejlepsi\/wp-json\/wp\/v2\/media?parent=1944"}],"curies":[{"name":"wp","href":"https:\/\/api.w.org\/{rel}","templated":true}]}}