{"id":17482,"date":"2022-06-24T17:03:15","date_gmt":"2022-06-24T16:03:15","guid":{"rendered":"https:\/\/www.ramus.je\/web\/?page_id=17482"},"modified":"2022-06-29T21:50:45","modified_gmt":"2022-06-29T20:50:45","slug":"gigabyt","status":"publish","type":"page","link":"https:\/\/www.ramus.je\/nejlepsi\/aktivita\/gigabyt\/","title":{"rendered":"Gigabyt"},"content":{"rendered":"<div class=\"wp-block-image\">\n<figure class=\"alignright is-resized\"><img loading=\"lazy\" decoding=\"async\" src=\"https:\/\/www.ramus.je\/nejlepsi\/wp-content\/uploads\/2022\/06\/image-15.png\" alt=\"\" class=\"wp-image-17483\" width=\"328\" height=\"245\" srcset=\"https:\/\/www.ramus.je\/nejlepsi\/wp-content\/uploads\/2022\/06\/image-15.png 800w, https:\/\/www.ramus.je\/nejlepsi\/wp-content\/uploads\/2022\/06\/image-15-300x225.png 300w, https:\/\/www.ramus.je\/nejlepsi\/wp-content\/uploads\/2022\/06\/image-15-768x576.png 768w\" sizes=\"auto, (min-width: 960px) 75vw, 100vw\" \/><\/figure>\n<\/div>\n\n\n<p><strong><em>Gigabyt byl gigantick\u00fd byt v centru Prahy, ve kter\u00e9m spolu od listopadu 2016 \u017eilo \u0161est lid\u00ed s posti\u017een\u00edm a bez n\u011bj.<\/em><\/strong><\/p>\n\n\n\n<p><em><strong>N\u00ed\u017ee najdete aktu\u00e1ln\u00ed informace a kr\u00e1tk\u00fd film.<\/strong><\/em><\/p>\n\n\n\n<p>O Gig\u00e1\u010di si tak\u00e9 m\u016f\u017eete p\u0159e\u010d\u00edt&nbsp;v \u010dl\u00e1nku z listopadu 2017 na Hatefree.cz:&nbsp;<a href=\"https:\/\/www.hatefree.cz\/blo\/hf-zpravy\/2455-gigabyt\">Jak p\u0159irozen\u011b propojit lidi s posti\u017een\u00edm i bez? Gigabyt v\u00ed, jak na to<\/a>&nbsp;<\/p>\n\n\n\n<p>nebo v \u010dl\u00e1nku z \u010dervna 2017 na A2larm.cz:&nbsp;<a href=\"https:\/\/a2larm.cz\/2017\/06\/uplne-obycejna-bytova-politika\/\">\u00dapln\u011b oby\u010dejn\u00e1 bytov\u00e1 politika<\/a><\/p>\n\n\n\n<p>P\u00e1r fotek z gigabyt\u00edch v\u00edkend\u016f je\u00a0<a href=\"https:\/\/www.ramus.je\/nejlepsi\/galerie\/fotky\/2018\/gigabyt-2017-2019\">tady<\/a>.<br><\/p>\n\n\n\n<h2 class=\"wp-block-heading\">\u0158\u00edjen 2021<\/h2>\n\n\n\n<p>\u010cas plyne a rok 2021 se ch\u00fdl\u00ed ke konci. Gigabyt je st\u00e1le ob\u00fdv\u00e1n partou lid\u00ed s posti\u017een\u00edm i bez n\u011bj a stalo se z n\u011bj vlastn\u011b b\u011b\u017en\u00e9 spolubydlen\u00ed, ve kter\u00e9m se lidi ob\u010das potkaj\u00ed v ob\u00fdv\u00e1ku, ale jedou spolu i na chatu \u010di do Chorvatska. Za dobu jeho fungov\u00e1n\u00ed pod z\u00e1\u0161titou Ramusu se zde uspo\u0159\u00e1dalo nespo\u010det ve\u010d\u00edrk\u016f, v\u00edkendov\u00fdch, t\u00fddenn\u00edch i m\u011bs\u00ed\u010dn\u00edch pobyt\u016f Ramus\u00e1k\u016f, za co\u017e pat\u0159\u00ed v\u0161em z\u00fa\u010dastn\u011bn\u00fdm velk\u00fd d\u00edk. Byla to sranda. St\u00e1le je mo\u017enost se domluvit, pokud chcete m\u00edt s Gig\u00e1\u010dem n\u011bjak\u00fd pletky, dejte v\u011bd\u011bt J\u00edt\u011b Svobodov\u00e9 na \u010d\u00edsle 606815016 a ta to domluv\u00ed.<\/p>\n\n\n\n<h2 class=\"wp-block-heading\">Listopad 2018<\/h2>\n\n\n\n<p>V listopadu 2016 jsme s partou kamar\u00e1d\u016f z Ramusu za\u010dali bydlet ve velk\u00e9m byt\u011b na Vinohradech. Idea byla takov\u00e1, \u017ee v r\u00e1mci jednoho roku zkus\u00ed ob\u00fdvat byt spole\u010dn\u011b lid\u00e9 s posti\u017een\u00edm a bez n\u011bj: nast\u00e1lo tu bude jeden \u010dlov\u011bk s posti\u017een\u00edm, za kter\u00fdm budou doch\u00e1zet jeho osobn\u00ed asistenti a st\u0159\u00eddav\u011b tu budou bydlet dal\u0161\u00ed lid\u00e9 s posti\u017een\u00edm, kte\u0159\u00ed si tak budou moct oddychnout od sv\u00fdch rodin \u010di od za\u0159\u00edzen\u00ed, ve kter\u00fdch pob\u00fdvaj\u00ed b\u011b\u017en\u011b (a d\u00edky tomu budou moct i tr\u00e9novat nez\u00e1vislost a samostatnost).<br><br>To v\u0161e v prost\u0159ed\u00ed jednoho velk\u00e9ho bytu, ve spolupr\u00e1ci a za podpory Ramusu. V pr\u016fb\u011bhu prvn\u00edho roku vznikly dv\u011b videa a \u010dl\u00e1nek o na\u0161em spolubydlen\u00ed. Ka\u017ed\u00fd v n\u011bm vid\u00ed trochu n\u011bco jin\u00e9ho, ale shodneme se na tom, \u017ee si mysl\u00edme, \u017ee by bylo fajn, kdyby takov\u00fdch m\u00edst bylo v\u00edc.<\/p>\n\n\n\n<p class=\"has-text-align-left\"><strong>Je listopad 2018 a Gigabyt st\u00e1le funguje.<\/strong>&nbsp;Z p\u016fvodn\u00edho osazenstva bytu u\u017e je tu pouze jeden \u010dlov\u011bk, idea se v\u0161ak nezm\u011bnila: Jednak tu nast\u00e1lo bydl\u00ed jeden \u010dlov\u011bk s posti\u017een\u00edm, jemu\u017e doch\u00e1zej\u00ed asistovat jeho osobn\u00ed asistenti, jednak tu ob\u010das asistuj\u00ed i ostatn\u00ed spolubydl\u00edc\u00ed, a to dal\u0161\u00edm lidem napojen\u00fdm na Ramus, kte\u0159\u00ed sem jednou do m\u011bs\u00edce chod\u00ed str\u00e1vit v\u00edkend, \u010di tu p\u0159esp\u00e1vaj\u00ed\/nav\u0161t\u011bvuj\u00ed n\u00e1s p\u0159es t\u00fdden. Z\u00e1rove\u0148 je Gigabyt m\u00edstem otev\u0159en\u00fdm pro setk\u00e1v\u00e1n\u00ed dal\u0161\u00edch lid\u00ed, nen\u00ed to pouze \u201eplatforma pro setk\u00e1v\u00e1n\u00ed lid\u00ed s posti\u017een\u00edm a bez n\u011bj\u201d, jak zn\u00ed slogan domovsk\u00e9 organizace Ramus. Ob\u010das je tu kl\u00eddek, ob\u010das je tu p\u0159\u00edjemn\u011b (i nep\u0159\u00edjemn\u011b :)) zalidn\u011bno.<br><br><img loading=\"lazy\" decoding=\"async\" src=\"https:\/\/www.ramus.je\/img\/webfotky\/vratvrah.JPG\" alt=\"alt\" width=\"347\" height=\"260\">Na\u0161e sp\u0159\u00e1telen\u00e1 organizace Asistence o.p.s. v tomto roce rozjela velk\u00fd projekt&nbsp;<a href=\"http:\/\/www.bezbabyty.cz\/\">bezbabyty.cz<\/a>, kde se sna\u017e\u00ed upozor\u0148ovat na nedostupnost bydlen\u00ed pro lidi s posti\u017een\u00edm v Praze i v cel\u00e9 \u010cR a zmi\u0148uje n\u00e1\u0161 byt jako p\u0159\u00edklad jist\u00e9 neinstitucion\u00e1ln\u00ed alternativy. V r\u00e1mci tohoto projektu Asistence ned\u00e1vno po\u0159\u00e1dala happening \u201eKde domov m\u016fj\u201c, kter\u00fd se konal v Centr\u00e1ln\u00edm parku na Pankr\u00e1ci a v r\u00e1mci n\u011bho\u017e prob\u011bhla debata se z\u00e1stupci politick\u00fdch stran a magistr\u00e1tu ohledn\u011b bytov\u00e9 politiky a (ne)dostupnosti bydlen\u00ed pro n\u011bkter\u00e9 skupiny obyvatel v \u010cR. Byli jsme sem p\u0159izv\u00e1ni i my, abychom ve\u0159ejnosti kr\u00e1tce p\u0159edstavili n\u00e1\u0161 byt. Na happeningu tak\u00e9 vznikla report\u00e1\u017e \u010cT, v n\u00ed\u017e je n\u00e1\u0161 byt zm\u00edn\u011bn.<br><br>Gigabyt se postupn\u011b st\u00e1v\u00e1 n\u011b\u010d\u00edm, co u\u017e nen\u00ed pouze m\u00edsto, o kter\u00e9m si pov\u00edd\u00e1me se sv\u00fdmi kamar\u00e1dy a p\u0159\u00edbuzn\u00fdmi, ale n\u011b\u010d\u00edm, o co m\u00e1 z\u00e1jem \u0161ir\u0161\u00ed ve\u0159ejnost a co m\u016f\u017ee slou\u017eit jako p\u0159\u00edklad dobr\u00e9 praxe v kontextu \u0161patn\u00e9 dostupnosti bydlen\u00ed &#8211; nejen pro lidi s posti\u017een\u00edm.<br><br>Jak to bude s Gigabytem d\u00e1l? Sestava bytu se pr\u016fb\u011b\u017en\u011b a p\u0159irozen\u011b m\u011bn\u00ed, zat\u00edm to v\u0161ak vypad\u00e1, \u017ee tento byt jen tak neskon\u010d\u00ed. Budoucnost ka\u017edop\u00e1dn\u011b nen\u00ed napsan\u00e1, tak\u017ee uvid\u00edme.<\/p>\n\n\n\n<h2 class=\"wp-block-heading\">Gigabyt jede d\u00e1l<\/h2>\n\n\n<div class=\"wp-block-image\">\n<figure class=\"alignright size-full is-resized\"><img loading=\"lazy\" decoding=\"async\" src=\"https:\/\/www.ramus.je\/nejlepsi\/wp-content\/uploads\/2022\/06\/image-16.png\" alt=\"\" class=\"wp-image-17488\" width=\"533\" height=\"755\" srcset=\"https:\/\/www.ramus.je\/nejlepsi\/wp-content\/uploads\/2022\/06\/image-16.png 700w, https:\/\/www.ramus.je\/nejlepsi\/wp-content\/uploads\/2022\/06\/image-16-212x300.png 212w\" sizes=\"auto, (min-width: 960px) 75vw, 100vw\" \/><\/figure>\n<\/div>\n\n\n<p>Parta v na\u0161em Gigabyt\u011b se prom\u011bnila, ale idea jede d\u00e1l!<\/p>\n\n\n\n<p><a href=\"http:\/\/www.ramus.je\/nejlepsi\/index.php\/aktivita\/gigabyt\">Info o Gigabyt\u011b zde.<\/a><\/p>\n\n\n\n<h2 class=\"wp-block-heading\">Gigabyt na HateFree<\/h2>\n\n\n\n<p><em>&#8222;Prost\u011b si tak r\u016fzn\u011b pom\u00e1h\u00e1me, t\u0159eba kdy\u017e n\u011bkdo p\u0159inese v\u011btev a pot\u0159ebuje j\u00ed nainstalovat do rohu bytu, tak mu prost\u011b pom\u016f\u017eu, no<\/em>&#8220; \u0159\u00edk\u00e1 Vr\u00e1\u0165a.<\/p>\n\n\n\n<p><a href=\"https:\/\/www.hatefree.cz\/blo\/hf-zpravy\/2455-gigabyt\">Mrkn\u011bte na video a p\u0159e\u010dt\u011bte si \u010dl\u00e1nek o na\u0161em Gigabyt\u011b tady.<\/a><\/p>\n\n\n\n<p>D\u00edky HateFree za z\u00e1jem!<\/p>\n\n\n\n<h2 class=\"wp-block-heading\">Prvn\u00ed \u010dty\u0159i m\u011bs\u00edce<\/h2>\n\n\n\n<p>BOOOOM! GIGABYT! \u010ct\u011bte \u010dl\u00e1nek a mrkn\u011bte na video o na\u0161em od listopadu prob\u00edhaj\u00edc\u00edm projektu.&nbsp;<\/p>\n\n\n\n<p>\u010cL\u00c1NEK:&nbsp;<a href=\"http:\/\/a2larm.cz\/2017\/06\/uplne-obycejna-bytova-politika\/\">\u00dapln\u011b oby\u010dejn\u00e1 bytov\u00e1 politika<\/a><\/p>\n\n\n\n<figure class=\"wp-block-embed is-type-video is-provider-vimeo wp-block-embed-vimeo wp-embed-aspect-16-9 wp-has-aspect-ratio\"><div class=\"wp-block-embed__wrapper\">\n<iframe loading=\"lazy\" title=\"GIGABYT \u2014 prvn\u00ed \u010dty\u0159i m\u011bs\u00edce\" src=\"https:\/\/player.vimeo.com\/video\/222545972?dnt=1&amp;app_id=122963\" width=\"720\" height=\"405\" frameborder=\"0\" allow=\"autoplay; fullscreen; picture-in-picture; clipboard-write; encrypted-media\"><\/iframe>\n<\/div><\/figure>\n","protected":false},"excerpt":{"rendered":"<p>Gigabyt byl gigantick\u00fd byt v centru Prahy, ve kter\u00e9m spolu od listopadu 2016 \u017eilo \u0161est lid\u00ed s posti\u017een\u00edm a bez n\u011bj. N\u00ed\u017ee najdete aktu\u00e1ln\u00ed informace a kr\u00e1tk\u00fd film. O Gig\u00e1\u010di si tak\u00e9 m\u016f\u017eete p\u0159e\u010d\u00edt&nbsp;v \u010dl\u00e1nku z listopadu 2017 na Hatefree.cz:&nbsp;Jak p\u0159irozen\u011b propojit lidi s posti\u017een\u00edm i bez? Gigabyt v\u00ed, jak na to&nbsp; nebo v \u010dl\u00e1nku &hellip; <a href=\"https:\/\/www.ramus.je\/nejlepsi\/aktivita\/gigabyt\/\" class=\"more-link\">Continue reading<span class=\"screen-reader-text\"> &#8222;Gigabyt&#8220;<\/span><\/a><\/p>\n","protected":false},"author":1,"featured_media":0,"parent":1924,"menu_order":0,"comment_status":"closed","ping_status":"closed","template":"","meta":{"ngg_post_thumbnail":0,"footnotes":""},"class_list":["post-17482","page","type-page","status-publish","hentry"],"_links":{"self":[{"href":"https:\/\/www.ramus.je\/nejlepsi\/wp-json\/wp\/v2\/pages\/17482","targetHints":{"allow":["GET"]}}],"collection":[{"href":"https:\/\/www.ramus.je\/nejlepsi\/wp-json\/wp\/v2\/pages"}],"about":[{"href":"https:\/\/www.ramus.je\/nejlepsi\/wp-json\/wp\/v2\/types\/page"}],"author":[{"embeddable":true,"href":"https:\/\/www.ramus.je\/nejlepsi\/wp-json\/wp\/v2\/users\/1"}],"replies":[{"embeddable":true,"href":"https:\/\/www.ramus.je\/nejlepsi\/wp-json\/wp\/v2\/comments?post=17482"}],"version-history":[{"count":6,"href":"https:\/\/www.ramus.je\/nejlepsi\/wp-json\/wp\/v2\/pages\/17482\/revisions"}],"predecessor-version":[{"id":17646,"href":"https:\/\/www.ramus.je\/nejlepsi\/wp-json\/wp\/v2\/pages\/17482\/revisions\/17646"}],"up":[{"embeddable":true,"href":"https:\/\/www.ramus.je\/nejlepsi\/wp-json\/wp\/v2\/pages\/1924"}],"wp:attachment":[{"href":"https:\/\/www.ramus.je\/nejlepsi\/wp-json\/wp\/v2\/media?parent=17482"}],"curies":[{"name":"wp","href":"https:\/\/api.w.org\/{rel}","templated":true}]}}

<div class="wp-block-image">
<figure class="alignright is-resized"><img loading="lazy" decoding="async" src="https://www.ramus.je/nejlepsi/wp-content/uploads/2022/06/image-15.png" alt="" class="wp-image-17483" width="328" height="245" srcset="https://www.ramus.je/nejlepsi/wp-content/uploads/2022/06/image-15.png 800w, https://www.ramus.je/nejlepsi/wp-content/uploads/2022/06/image-15-300x225.png 300w, https://www.ramus.je/nejlepsi/wp-content/uploads/2022/06/image-15-768x576.png 768w" sizes="auto, (min-width: 960px) 75vw, 100vw" /></figure>
</div>


<p><strong><em>Gigabyt byl gigantický byt v centru Prahy, ve kterém spolu od listopadu 2016 žilo šest lidí s postižením a bez něj.</em></strong></p>



<p><em><strong>Níže najdete aktuální informace a krátký film.</strong></em></p>



<p>O Gigáči si také můžete přečít&nbsp;v článku z listopadu 2017 na Hatefree.cz:&nbsp;<a href="https://www.hatefree.cz/blo/hf-zpravy/2455-gigabyt">Jak přirozeně propojit lidi s postižením i bez? Gigabyt ví, jak na to</a>&nbsp;</p>



<p>nebo v článku z června 2017 na A2larm.cz:&nbsp;<a href="https://a2larm.cz/2017/06/uplne-obycejna-bytova-politika/">Úplně obyčejná bytová politika</a></p>



<p>Pár fotek z gigabytích víkendů je <a href="https://www.ramus.je/nejlepsi/galerie/fotky/2018/gigabyt-2017-2019">tady</a>.<br></p>



<h2 class="wp-block-heading">Říjen 2021</h2>



<p>Čas plyne a rok 2021 se chýlí ke konci. Gigabyt je stále obýván partou lidí s postižením i bez něj a stalo se z něj vlastně běžné spolubydlení, ve kterém se lidi občas potkají v obýváku, ale jedou spolu i na chatu či do Chorvatska. Za dobu jeho fungování pod záštitou Ramusu se zde uspořádalo nespočet večírků, víkendových, týdenních i měsíčních pobytů Ramusáků, za což patří všem zúčastněným velký dík. Byla to sranda. Stále je možnost se domluvit, pokud chcete mít s Gigáčem nějaký pletky, dejte vědět Jítě Svobodové na čísle 606815016 a ta to domluví.</p>



<h2 class="wp-block-heading">Listopad 2018</h2>



<p>V listopadu 2016 jsme s partou kamarádů z Ramusu začali bydlet ve velkém bytě na Vinohradech. Idea byla taková, že v rámci jednoho roku zkusí obývat byt společně lidé s postižením a bez něj: nastálo tu bude jeden člověk s postižením, za kterým budou docházet jeho osobní asistenti a střídavě tu budou bydlet další lidé s postižením, kteří si tak budou moct oddychnout od svých rodin či od zařízení, ve kterých pobývají běžně (a díky tomu budou moct i trénovat nezávislost a samostatnost).<br><br>To vše v prostředí jednoho velkého bytu, ve spolupráci a za podpory Ramusu. V průběhu prvního roku vznikly dvě videa a článek o našem spolubydlení. Každý v něm vidí trochu něco jiného, ale shodneme se na tom, že si myslíme, že by bylo fajn, kdyby takových míst bylo víc.</p>



<p class="has-text-align-left"><strong>Je listopad 2018 a Gigabyt stále funguje.</strong>&nbsp;Z původního osazenstva bytu už je tu pouze jeden člověk, idea se však nezměnila: Jednak tu nastálo bydlí jeden člověk s postižením, jemuž docházejí asistovat jeho osobní asistenti, jednak tu občas asistují i ostatní spolubydlící, a to dalším lidem napojeným na Ramus, kteří sem jednou do měsíce chodí strávit víkend, či tu přespávají/navštěvují nás přes týden. Zároveň je Gigabyt místem otevřeným pro setkávání dalších lidí, není to pouze „platforma pro setkávání lidí s postižením a bez něj”, jak zní slogan domovské organizace Ramus. Občas je tu klídek, občas je tu příjemně (i nepříjemně :)) zalidněno.<br><br><img loading="lazy" decoding="async" src="https://www.ramus.je/img/webfotky/vratvrah.JPG" alt="alt" width="347" height="260">Naše spřátelená organizace Asistence o.p.s. v tomto roce rozjela velký projekt&nbsp;<a href="http://www.bezbabyty.cz/">bezbabyty.cz</a>, kde se snaží upozorňovat na nedostupnost bydlení pro lidi s postižením v Praze i v celé ČR a zmiňuje náš byt jako příklad jisté neinstitucionální alternativy. V rámci tohoto projektu Asistence nedávno pořádala happening „Kde domov můj“, který se konal v Centrálním parku na Pankráci a v rámci něhož proběhla debata se zástupci politických stran a magistrátu ohledně bytové politiky a (ne)dostupnosti bydlení pro některé skupiny obyvatel v ČR. Byli jsme sem přizváni i my, abychom veřejnosti krátce představili náš byt. Na happeningu také vznikla reportáž ČT, v níž je náš byt zmíněn.<br><br>Gigabyt se postupně stává něčím, co už není pouze místo, o kterém si povídáme se svými kamarády a příbuznými, ale něčím, o co má zájem širší veřejnost a co může sloužit jako příklad dobré praxe v kontextu špatné dostupnosti bydlení &#8211; nejen pro lidi s postižením.<br><br>Jak to bude s Gigabytem dál? Sestava bytu se průběžně a přirozeně mění, zatím to však vypadá, že tento byt jen tak neskončí. Budoucnost každopádně není napsaná, takže uvidíme.</p>



<h2 class="wp-block-heading">Gigabyt jede dál</h2>


<div class="wp-block-image">
<figure class="alignright size-full is-resized"><img loading="lazy" decoding="async" src="https://www.ramus.je/nejlepsi/wp-content/uploads/2022/06/image-16.png" alt="" class="wp-image-17488" width="533" height="755" srcset="https://www.ramus.je/nejlepsi/wp-content/uploads/2022/06/image-16.png 700w, https://www.ramus.je/nejlepsi/wp-content/uploads/2022/06/image-16-212x300.png 212w" sizes="auto, (min-width: 960px) 75vw, 100vw" /></figure>
</div>


<p>Parta v našem Gigabytě se proměnila, ale idea jede dál!</p>



<p><a href="http://www.ramus.je/nejlepsi/index.php/aktivita/gigabyt">Info o Gigabytě zde.</a></p>



<h2 class="wp-block-heading">Gigabyt na HateFree</h2>



<p><em>&#8222;Prostě si tak různě pomáháme, třeba když někdo přinese větev a potřebuje jí nainstalovat do rohu bytu, tak mu prostě pomůžu, no</em>&#8220; říká Vráťa.</p>



<p><a href="https://www.hatefree.cz/blo/hf-zpravy/2455-gigabyt">Mrkněte na video a přečtěte si článek o našem Gigabytě tady.</a></p>



<p>Díky HateFree za zájem!</p>



<h2 class="wp-block-heading">První čtyři měsíce</h2>



<p>BOOOOM! GIGABYT! Čtěte článek a mrkněte na video o našem od listopadu probíhajícím projektu.&nbsp;</p>



<p>ČLÁNEK:&nbsp;<a href="http://a2larm.cz/2017/06/uplne-obycejna-bytova-politika/">Úplně obyčejná bytová politika</a></p>



<figure class="wp-block-embed is-type-video is-provider-vimeo wp-block-embed-vimeo wp-embed-aspect-16-9 wp-has-aspect-ratio"><div class="wp-block-embed__wrapper">
<iframe loading="lazy" title="GIGABYT — první čtyři měsíce" src="https://player.vimeo.com/video/222545972?dnt=1&amp;app_id=122963" width="720" height="405" frameborder="0" allow="autoplay; fullscreen; picture-in-picture; clipboard-write; encrypted-media"></iframe>
</div></figure>

<p>Gigabyt byl gigantický byt v centru Prahy, ve kterém spolu od listopadu 2016 žilo šest lidí s postižením a bez něj. Níže najdete aktuální informace a krátký film. O Gigáči si také můžete přečít&nbsp;v článku z listopadu 2017 na Hatefree.cz:&nbsp;Jak přirozeně propojit lidi s postižením i bez? Gigabyt ví, jak na to&nbsp; nebo v článku &hellip; <a href="https://www.ramus.je/nejlepsi/aktivita/gigabyt/" class="more-link">Continue reading<span class="screen-reader-text"> &#8222;Gigabyt&#8220;</span></a></p>
