{"id":17473,"date":"2022-06-24T16:35:52","date_gmt":"2022-06-24T15:35:52","guid":{"rendered":"https:\/\/www.ramus.je\/web\/?page_id=17473"},"modified":"2022-06-24T16:35:52","modified_gmt":"2022-06-24T15:35:52","slug":"reklama","status":"publish","type":"page","link":"https:\/\/www.ramus.je\/nejlepsi\/archiv\/reklama\/","title":{"rendered":"Reklama"},"content":{"rendered":"\n<h2 class=\"wp-block-heading\">RAMUS JE 2018<\/h2>\n\n\n\n<p><strong>Kv\u011bten 2018 \/\u00a0<\/strong>Prezenta\u010dn\u00ed video stru\u010dn\u011b shrnuj\u00edc\u00ed na\u0161i aktu\u00e1ln\u00ed \u010dinnost.<\/p>\n\n\n\n<figure class=\"wp-block-embed is-type-video is-provider-vimeo wp-block-embed-vimeo wp-embed-aspect-16-9 wp-has-aspect-ratio\"><div class=\"wp-block-embed__wrapper\">\n<iframe loading=\"lazy\" title=\"RAMUS JE 2018 (+EN)\" src=\"https:\/\/player.vimeo.com\/video\/270914414?dnt=1&amp;app_id=122963\" width=\"720\" height=\"405\" frameborder=\"0\" allow=\"autoplay; fullscreen; picture-in-picture; clipboard-write\"><\/iframe>\n<\/div><\/figure>\n\n\n\n<hr class=\"wp-block-separator has-alpha-channel-opacity\"\/>\n\n\n\n<h2 class=\"wp-block-heading\">Co naplat<\/h2>\n\n\n\n<p><strong>\u00danor 2015 \/\u00a0<\/strong>Trojice spot\u016f, kter\u00e1 vznikla s c\u00edlem propagovat akci\u00a0<em>Co naplat<\/em>, kterou jsme po\u0159\u00e1dali 4. b\u0159ezna 2015 v Divadle Archa. Jednalo se o panelovou diskuzi na t\u00e9ma financov\u00e1n\u00ed neziskov\u00e9ho sektoru a benefi\u010dn\u00ed koncert.<\/p>\n\n\n\n<figure class=\"wp-block-embed is-type-video is-provider-vimeo wp-block-embed-vimeo wp-embed-aspect-16-9 wp-has-aspect-ratio\"><div class=\"wp-block-embed__wrapper\">\n<iframe loading=\"lazy\" title=\"CO NAPLAT | 4. 3. 2015 | divadlo Archa\" src=\"https:\/\/player.vimeo.com\/video\/119343931?dnt=1&amp;app_id=122963\" width=\"720\" height=\"405\" frameborder=\"0\" allow=\"autoplay; fullscreen; picture-in-picture; clipboard-write\"><\/iframe>\n<\/div><\/figure>\n\n\n\n<figure class=\"wp-block-embed is-type-video is-provider-vimeo wp-block-embed-vimeo wp-embed-aspect-16-9 wp-has-aspect-ratio\"><div class=\"wp-block-embed__wrapper\">\n<iframe loading=\"lazy\" title=\"CO NAPLAT, benefi\u010dn\u00ed koncert pro Ramus | 4. 3. 2015 | divadlo Archa\" src=\"https:\/\/player.vimeo.com\/video\/120346772?dnt=1&amp;app_id=122963\" width=\"720\" height=\"405\" frameborder=\"0\" allow=\"autoplay; fullscreen; picture-in-picture; clipboard-write\"><\/iframe>\n<\/div><\/figure>\n\n\n\n<figure class=\"wp-block-embed is-type-video is-provider-vimeo wp-block-embed-vimeo wp-embed-aspect-16-9 wp-has-aspect-ratio\"><div class=\"wp-block-embed__wrapper\">\n<iframe loading=\"lazy\" title=\"CO NAPLA(k\u00e1)T | 4. 3. 2015 | divadlo Archa\" src=\"https:\/\/player.vimeo.com\/video\/121176388?dnt=1&amp;app_id=122963\" width=\"720\" height=\"405\" frameborder=\"0\" allow=\"autoplay; fullscreen; picture-in-picture; clipboard-write\"><\/iframe>\n<\/div><\/figure>\n\n\n\n<hr class=\"wp-block-separator has-alpha-channel-opacity\"\/>\n\n\n\n<h2 class=\"wp-block-heading\">Ramus.je<\/h2>\n\n\n\n<p><strong>Kv\u011bten 14 \/\u00a0<\/strong>Video propaguj\u00edc\u00ed n\u00e1\u0161 nov\u00fd web a nov\u00e9 logo.<\/p>\n\n\n\n<figure class=\"wp-block-embed is-type-video is-provider-vimeo wp-block-embed-vimeo wp-embed-aspect-16-9 wp-has-aspect-ratio\"><div class=\"wp-block-embed__wrapper\">\n<iframe loading=\"lazy\" title=\"Ramus.je\" src=\"https:\/\/player.vimeo.com\/video\/96515144?dnt=1&amp;app_id=122963\" width=\"720\" height=\"405\" frameborder=\"0\" allow=\"autoplay; fullscreen; picture-in-picture; clipboard-write\"><\/iframe>\n<\/div><\/figure>\n\n\n\n<hr class=\"wp-block-separator has-alpha-channel-opacity\"\/>\n\n\n\n<h2 class=\"wp-block-heading\">Krump\u00e1\u010de, o\u0159ez\u00e1v\u00e1tko, raj\u010data<\/h2>\n\n\n\n<p><strong>Prosinec 13 \/\u00a0<\/strong>Video propaguj\u00edc\u00ed na\u0161\u00ed p\u016fj\u010dovnu dod\u00e1vky.<\/p>\n\n\n\n<figure class=\"wp-block-embed is-type-video is-provider-youtube wp-block-embed-youtube wp-embed-aspect-16-9 wp-has-aspect-ratio\"><div class=\"wp-block-embed__wrapper\">\n<iframe loading=\"lazy\" title=\"Krump\u00e1\u010de, o\u0159ez\u00e1v\u00e1tko, raj\u010data\" width=\"720\" height=\"405\" src=\"https:\/\/www.youtube.com\/embed\/-vnOsyKYB2o?feature=oembed\" frameborder=\"0\" allow=\"accelerometer; autoplay; clipboard-write; encrypted-media; gyroscope; picture-in-picture; web-share\" referrerpolicy=\"strict-origin-when-cross-origin\" allowfullscreen><\/iframe>\n<\/div><\/figure>\n\n\n\n<hr class=\"wp-block-separator has-alpha-channel-opacity\"\/>\n\n\n\n<h2 class=\"wp-block-heading\">Kdo je tady Van Damme?<\/h2>\n\n\n\n<p><strong>Listopad 13 \/\u00a0<\/strong>Na\u0161e parodie na vir\u00e1ln\u00ed video s Van Dammem, o kter\u00e9 referovalo n\u011bkolik web\u016f zab\u00fdvaj\u00edc\u00edch se marketingem.<\/p>\n\n\n\n<figure class=\"wp-block-embed is-type-video is-provider-youtube wp-block-embed-youtube wp-embed-aspect-16-9 wp-has-aspect-ratio\"><div class=\"wp-block-embed__wrapper\">\n<iframe loading=\"lazy\" title=\"Kdo je tady Van Damme?\" width=\"720\" height=\"405\" src=\"https:\/\/www.youtube.com\/embed\/WJiwF-TpK_o?feature=oembed\" frameborder=\"0\" allow=\"accelerometer; autoplay; clipboard-write; encrypted-media; gyroscope; picture-in-picture; web-share\" referrerpolicy=\"strict-origin-when-cross-origin\" allowfullscreen><\/iframe>\n<\/div><\/figure>\n\n\n\n<hr class=\"wp-block-separator has-alpha-channel-opacity\"\/>\n\n\n\n<h2 class=\"wp-block-heading\">Ramaton 2013<\/h2>\n\n\n\n<p><strong>Duben 2013 \/\u00a0<\/strong>Trilogie spot\u016f l\u00e1kaj\u00edc\u00ed na benefi\u010dn\u00ed b\u011bh Ramaton, kter\u00fd jsme po\u0159\u00e1dali v pra\u017esk\u00e9 Stromovce.\u00a0<\/p>\n\n\n\n<figure class=\"wp-block-embed is-type-video is-provider-youtube wp-block-embed-youtube wp-embed-aspect-16-9 wp-has-aspect-ratio\"><div class=\"wp-block-embed__wrapper\">\n<iframe loading=\"lazy\" title=\"RAMATON: WORKOHOLISMUS \/ 1\" width=\"720\" height=\"405\" src=\"https:\/\/www.youtube.com\/embed\/enccQo_fhPc?feature=oembed\" frameborder=\"0\" allow=\"accelerometer; autoplay; clipboard-write; encrypted-media; gyroscope; picture-in-picture; web-share\" referrerpolicy=\"strict-origin-when-cross-origin\" allowfullscreen><\/iframe>\n<\/div><\/figure>\n\n\n\n<figure class=\"wp-block-embed is-type-video is-provider-youtube wp-block-embed-youtube wp-embed-aspect-16-9 wp-has-aspect-ratio\"><div class=\"wp-block-embed__wrapper\">\n<iframe loading=\"lazy\" title=\"RAMATON: INTERNETISMUS \/ 2\" width=\"720\" height=\"405\" src=\"https:\/\/www.youtube.com\/embed\/7A96jJ16v6o?feature=oembed\" frameborder=\"0\" allow=\"accelerometer; autoplay; clipboard-write; encrypted-media; gyroscope; picture-in-picture; web-share\" referrerpolicy=\"strict-origin-when-cross-origin\" allowfullscreen><\/iframe>\n<\/div><\/figure>\n\n\n\n<figure class=\"wp-block-embed is-type-video is-provider-youtube wp-block-embed-youtube wp-embed-aspect-16-9 wp-has-aspect-ratio\"><div class=\"wp-block-embed__wrapper\">\n<iframe loading=\"lazy\" title=\"RAMATON: KONZUMERISMUS \/ 3\" width=\"720\" height=\"405\" src=\"https:\/\/www.youtube.com\/embed\/_mMviUgdokM?feature=oembed\" frameborder=\"0\" allow=\"accelerometer; autoplay; clipboard-write; encrypted-media; gyroscope; picture-in-picture; web-share\" referrerpolicy=\"strict-origin-when-cross-origin\" allowfullscreen><\/iframe>\n<\/div><\/figure>\n\n\n\n<hr class=\"wp-block-separator has-alpha-channel-opacity\"\/>\n\n\n\n<h2 class=\"wp-block-heading\">Fuck Movies. Join Ramus.<\/h2>\n\n\n\n<p><strong>Duben 2013 \/\u00a0<\/strong>Motiva\u010dn\u00ed\u00a0video pro dubnov\u00fd\u00a0t\u00fdmbilding.<\/p>\n\n\n\n<figure class=\"wp-block-embed is-type-video is-provider-vimeo wp-block-embed-vimeo wp-embed-aspect-16-9 wp-has-aspect-ratio\"><div class=\"wp-block-embed__wrapper\">\n<iframe loading=\"lazy\" title=\"\/ FUCK MOVIES. JOIN RAMUS. T\u00ddMBILDING - 12.-14. 4. 2013 \/\" src=\"https:\/\/player.vimeo.com\/video\/63117460?dnt=1&amp;app_id=122963\" width=\"720\" height=\"405\" frameborder=\"0\" allow=\"autoplay; fullscreen; picture-in-picture; clipboard-write\"><\/iframe>\n<\/div><\/figure>\n\n\n\n<hr class=\"wp-block-separator has-alpha-channel-opacity\"\/>\n\n\n\n<h2 class=\"wp-block-heading\">Zkuste si asistenci, je to zadarmo<\/h2>\n\n\n\n<p><strong>\u010cervenec 2012 \/<\/strong>\u00a0Neust\u00e1le se pot\u00fdk\u00e1me s nedostatkem\u00a0asistentek \/ asistent\u016f. T\u0159eba i tento spot p\u0159isp\u011bje k tomu, aby se probl\u00e9m brzy vy\u0159e\u0161il! Video: Vladim\u00edr \u0160kult\u00e9ty.<\/p>\n\n\n\n<figure class=\"wp-block-embed is-type-video is-provider-vimeo wp-block-embed-vimeo wp-embed-aspect-16-9 wp-has-aspect-ratio\"><div class=\"wp-block-embed__wrapper\">\n<iframe loading=\"lazy\" title=\"Zkuste si asistenci, je to zadarmo\" src=\"https:\/\/player.vimeo.com\/video\/46618813?dnt=1&amp;app_id=122963\" width=\"720\" height=\"405\" frameborder=\"0\" allow=\"autoplay; fullscreen; picture-in-picture; clipboard-write\"><\/iframe>\n<\/div><\/figure>\n\n\n\n<hr class=\"wp-block-separator has-alpha-channel-opacity\"\/>\n\n\n\n<h2 class=\"wp-block-heading\">Benefi\u010dn\u00ed koncert na dod\u00e1vku!<\/h2>\n\n\n\n<p><strong>Leden 2012 \/\u00a0<\/strong>Spot, l\u00e1kaj\u00edc\u00ed na n\u00e1\u0161 benefi\u010dn\u00ed koncert na dod\u00e1vku. D\u00edky: Michail Verner, Michal Bohm, Radim Lap\u010d\u00edk, Adam Vone\u0161, B\u00e1ra \u0160iklov\u00e1, M\u00e1ra Hole\u010dek.<\/p>\n\n\n\n<figure class=\"wp-block-embed is-type-video is-provider-vimeo wp-block-embed-vimeo wp-embed-aspect-16-9 wp-has-aspect-ratio\"><div class=\"wp-block-embed__wrapper\">\n<iframe loading=\"lazy\" title=\"Benefi\u010dn\u00ed koncert na DOD\u00c1VKU! \/ 22. 3. 2012 \/ BIO OKO \/ Xavier Baumaxa, Bonus, Kopec \u0160i\u0161ek\" src=\"https:\/\/player.vimeo.com\/video\/35268758?dnt=1&amp;app_id=122963\" width=\"720\" height=\"405\" frameborder=\"0\" allow=\"autoplay; fullscreen; picture-in-picture; clipboard-write\"><\/iframe>\n<\/div><\/figure>\n","protected":false},"excerpt":{"rendered":"<p>RAMUS JE 2018 Kv\u011bten 2018 \/\u00a0Prezenta\u010dn\u00ed video stru\u010dn\u011b shrnuj\u00edc\u00ed na\u0161i aktu\u00e1ln\u00ed \u010dinnost. Co naplat \u00danor 2015 \/\u00a0Trojice spot\u016f, kter\u00e1 vznikla s c\u00edlem propagovat akci\u00a0Co naplat, kterou jsme po\u0159\u00e1dali 4. b\u0159ezna 2015 v Divadle Archa. Jednalo se o panelovou diskuzi na t\u00e9ma financov\u00e1n\u00ed neziskov\u00e9ho sektoru a benefi\u010dn\u00ed koncert. Ramus.je Kv\u011bten 14 \/\u00a0Video propaguj\u00edc\u00ed n\u00e1\u0161 nov\u00fd web &hellip; <a href=\"https:\/\/www.ramus.je\/nejlepsi\/archiv\/reklama\/\" class=\"more-link\">Continue reading<span class=\"screen-reader-text\"> &#8222;Reklama&#8220;<\/span><\/a><\/p>\n","protected":false},"author":1,"featured_media":0,"parent":15374,"menu_order":0,"comment_status":"closed","ping_status":"closed","template":"","meta":{"ngg_post_thumbnail":0,"footnotes":""},"class_list":["post-17473","page","type-page","status-publish","hentry"],"_links":{"self":[{"href":"https:\/\/www.ramus.je\/nejlepsi\/wp-json\/wp\/v2\/pages\/17473","targetHints":{"allow":["GET"]}}],"collection":[{"href":"https:\/\/www.ramus.je\/nejlepsi\/wp-json\/wp\/v2\/pages"}],"about":[{"href":"https:\/\/www.ramus.je\/nejlepsi\/wp-json\/wp\/v2\/types\/page"}],"author":[{"embeddable":true,"href":"https:\/\/www.ramus.je\/nejlepsi\/wp-json\/wp\/v2\/users\/1"}],"replies":[{"embeddable":true,"href":"https:\/\/www.ramus.je\/nejlepsi\/wp-json\/wp\/v2\/comments?post=17473"}],"version-history":[{"count":1,"href":"https:\/\/www.ramus.je\/nejlepsi\/wp-json\/wp\/v2\/pages\/17473\/revisions"}],"predecessor-version":[{"id":17474,"href":"https:\/\/www.ramus.je\/nejlepsi\/wp-json\/wp\/v2\/pages\/17473\/revisions\/17474"}],"up":[{"embeddable":true,"href":"https:\/\/www.ramus.je\/nejlepsi\/wp-json\/wp\/v2\/pages\/15374"}],"wp:attachment":[{"href":"https:\/\/www.ramus.je\/nejlepsi\/wp-json\/wp\/v2\/media?parent=17473"}],"curies":[{"name":"wp","href":"https:\/\/api.w.org\/{rel}","templated":true}]}}